000
CXUS54 KFWD 260730
CF6RPH
PRELIMINARY LOCAL CLIMATOLOGICAL DATA (WS FORM: F-6)

                                          STATION:   GRAHAM
                                          MONTH:     MAY
                                          YEAR:      2018
                                          LATITUDE:   33  6 N
                                          LONGITUDE:  98 30 W

  TEMPERATURE IN F:       :PCPN:    SNOW:  WIND      :SUNSHINE: SKY     :PK WND
================================================================================
1   2   3   4   5  6A  6B    7    8   9   10  11  12  13   14  15   16   17  18
                                     12Z  AVG MX 2MIN
DY MAX MIN AVG DEP HDD CDD  WTR  SNW DPTH SPD SPD DIR MIN PSBL S-S WX    SPD DR
================================================================================

 1  85  67  76   9   0  11 0.00  0.0    0 12.2 16 150   M    M   0        25 150
 2  92  67  80  13   0  15 0.01  0.0    0 11.1 18 160   M    M   0        28 140
 3  89  65  77  10   0  12 1.05  0.0    0  6.4 12 230   M    M   0 3      27 120
 4  75  56  66  -2   0   1 0.03  0.0    0  2.7 10 360   M    M   0        16 360
 5  83  49  66  -2   0   1 0.00  0.0    0  3.1 13  10   M    M   0        18  10
 6  90  49  70   2   0   5 0.00  0.0    0  1.7  7 130   M    M   0         M  M
 7  94  57  76   8   0  11 0.00  0.0    0  2.8  9 200   M    M   0         M  M
 8  94  60  77   8   0  12 0.00  0.0    0  7.4 13 150   M    M   0        21 170
 9  90  64  77   8   0  12 0.00  0.0    0  8.1 17 150   M    M   0        25 150
10  87  65  76   7   0  11 0.00  0.0    0 10.0 15 150   M    M   0        25 140
11  89  67  78   8   0  13 0.00  0.0    0 12.0 17 150   M    M   0        28 160
12  91  69  80  10   0  15 0.00  0.0    0  9.4 14 150   M    M   0        22 150
13  90  71  81  11   0  16 0.00  0.0    0  9.1 13 170   M    M   0        21 170
14  91  73  82  11   0  17 0.00  0.0    0  5.6 12 170   M    M   0        18 170
15  92  67  80   9   0  15 0.03  0.0    0  3.5 14 120   M    M   0        27 120
16  90  60  75   4   0  10 0.00  0.0    0  4.6 13 290   M    M   0        17 340
17  93  61  77   5   0  12 0.01  0.0    0  6.1 21 290   M    M   0        33 290
18  99  64  82  10   0  17 0.00  0.0    0  7.1 13 150   M    M   0        22 150
19  91  70  81   9   0  16 0.00  0.0    0  9.4 16 130   M    M   0        25 130
20  81  62  72   0   0   7 0.46  0.0    0  5.5 18 310   M    M   0        27 310
21  88  60  74   1   0   9 0.00  0.0    0  2.4  7  80   M    M   0         M  M
22  90  64  77   4   0  12 0.00  0.0    0  3.5 10 140   M    M   1        16 140
23  91  68  80   7   0  15 0.00  0.0    0  4.6 13 120   M    M   1        20 120
24  91  68  80   6   0  15 0.00  0.0    0  4.1  9 130   M    M   0         M  M
25  99  72  86  12   0  21 0.00  0.0    0  6.0 14 170   M    M   3        27 120
================================================================================
SM 2245 1595         0 301  1.59     0.0 158.4          M        5
================================================================================
AV 89.8 63.8                               6.3 FASTST   M    M   0    MAX(MPH)
                                 MISC ---->  # 21 290               # 33  290
================================================================================
NOTES:
# LAST OF SEVERAL OCCURRENCES

COLUMN 17 PEAK WIND IN M.P.H.

PRELIMINARY LOCAL CLIMATOLOGICAL DATA (WS FORM: F-6) , PAGE 2

                                          STATION:  GRAHAM
                                          MONTH:    MAY
                                          YEAR:     2018
                                          LATITUDE:   33  6 N
                                          LONGITUDE:  98 30 W

[TEMPERATURE DATA]      [PRECIPITATION DATA]       SYMBOLS USED IN COLUMN 16

AVERAGE MONTHLY: 76.8   TOTAL FOR MONTH:   1.59    1 = FOG OR MIST
DPTR FM NORMAL:   6.5   DPTR FM NORMAL:   -1.70    2 = FOG REDUCING VISIBILITY
HIGHEST:    99 ON 25,18 GRTST 24HR  1.05 ON  3- 3      TO 1/4 MILE OR LESS
LOWEST:     49 ON  6, 5                            3 = THUNDER
                        SNOW, ICE PELLETS, HAIL    4 = ICE PELLETS
                        TOTAL MONTH:   0.0 INCH    5 = HAIL
                        GRTST 24HR     0.0         6 = FREEZING RAIN OR DRIZZLE
                        GRTST DEPTH:   0           7 = DUSTSTORM OR SANDSTORM:
                                                       VSBY 1/2 MILE OR LESS
                                                   8 = SMOKE OR HAZE
[NO. OF DAYS WITH]      [WEATHER - DAYS WITH]      9 = BLOWING SNOW
                                                   X = TORNADO
MAX 32 OR BELOW:   0    0.01 INCH OR MORE:   6
MAX 90 OR ABOVE:  17    0.10 INCH OR MORE:   2
MIN 32 OR BELOW:   0    0.50 INCH OR MORE:   1
MIN  0 OR BELOW:   0    1.00 INCH OR MORE:   1

[HDD (BASE 65) ]
TOTAL THIS MO.     0    CLEAR  (SCALE 0-3)  25
DPTR FM NORMAL   -27    PTCLDY (SCALE 4-7)   0
TOTAL FM JUL 1  2601    CLOUDY (SCALE 8-10)  0
DPTR FM NORMAL  -308

[CDD (BASE 65) ]
TOTAL THIS MO.   301
DPTR FM NORMAL   144    [PRESSURE DATA]
TOTAL FM JAN 1   429    HIGHEST SLP M ON M
DPTR FM NORMAL   183    LOWEST  SLP M ON M

[REMARKS]
