000
CXUS52 KTAE 250800
CF6TLH
PRELIMINARY LOCAL CLIMATOLOGICAL DATA (WS FORM: F-6)

                                          STATION:   TALLAHASSEE
                                          MONTH:     MAY
                                          YEAR:      2018
                                          LATITUDE:   30 22 N
                                          LONGITUDE:  84 22 W

  TEMPERATURE IN F:       :PCPN:    SNOW:  WIND      :SUNSHINE: SKY     :PK WND
================================================================================
1   2   3   4   5  6A  6B    7    8   9   10  11  12  13   14  15   16   17  18
                                     12Z  AVG MX 2MIN
DY MAX MIN AVG DEP HDD CDD  WTR  SNW DPTH SPD SPD DIR MIN PSBL S-S WX    SPD DR
================================================================================

 1  86  58  72   2   0   7 0.00  0.0    0  5.8 14 130   M    M   2        18 140
 2  87  59  73   3   0   8 0.00  0.0    0  6.2 14  70   M    M   1 8      22 360
 3  86  57  72   1   0   7 0.00  0.0    0  4.9 14 110   M    M   5        21 120
 4  90  57  74   3   0   9 0.00  0.0    0  4.3 12  40   M    M   4 1      16 100
 5  89  61  75   4   0  10 0.00  0.0    0  3.0 13 190   M    M   5 1      15 200
 6  90  66  78   6   0  13 0.00  0.0    0  7.8 16 290   M    M   4        25 300
 7  90  57  74   2   0   9 0.00  0.0    0  5.9 15  10   M    M   2 8      20 350
 8  91  57  74   2   0   9 0.00  0.0    0  3.8  9 180   M    M   2        16  99
 9  88  58  73   1   0   8 0.00  0.0    0  4.7 16 170   M    M   3 1      20 150
10  92  63  78   5   0  13 0.00  0.0    0  3.9 16 280   M    M   4 18     21 290
11  95  59  77   4   0  12 0.00  0.0    0  4.2 12 220   M    M   3 18     16 320
12  97  70  84  11   0  19    T  0.0    0  5.2 24  80   M    M   6        30  80
13  95  64  80   6   0  15 0.00  0.0    0  4.5 20 140   M    M   4 1      26 150
14  83  71  77   3   0  12 0.14  0.0    0  6.2 18  90   M    M   7 1      22  90
15  83  70  77   3   0  12 1.50  0.0    0  5.4 15 140   M    M   9 13     17 130
16  78  71  75   1   0  10 1.12  0.0    0  5.6 20 160   M    M   7 138    24 170
17  86  71  79   4   0  14 0.04  0.0    0  3.6 17 270   M    M   8 13     20 270
18  88  69  79   4   0  14 0.11  0.0    0  4.9 20 230   M    M   5 13     24 220
19  92  68  80   5   0  15 0.00  0.0    0  3.5 15 150   M    M   7 128    19 110
20  86  71  79   3   0  14 0.08  0.0    0  7.7 21 100   M    M   8 1      25 130
21  85  70  78   2   0  13 0.07  0.0    0 11.1 21 150   M    M   6 38     25 140
22  84  71  78   2   0  13 0.28  0.0    0  7.2 16 190   M    M   8 13     20 190
23  85  71  78   2   0  13 0.78  0.0    0  4.5 25 300   M    M   5 13     30 300
24  90  69  80   4   0  15    T  0.0    0  3.6 14 330   M    M   6 13     17 340
================================================================================
SM 2116 1558         0 284  4.12     0.0 127.5          M      121
================================================================================
AV 88.2 64.9                               5.3 FASTST   M    M   5    MAX(MPH)
                                 MISC ---->  # 25 300               # 30   80
================================================================================
NOTES:
# LAST OF SEVERAL OCCURRENCES

COLUMN 17 PEAK WIND IN M.P.H.

PRELIMINARY LOCAL CLIMATOLOGICAL DATA (WS FORM: F-6) , PAGE 2

                                          STATION:  TALLAHASSEE
                                          MONTH:    MAY
                                          YEAR:     2018
                                          LATITUDE:   30 22 N
                                          LONGITUDE:  84 22 W

[TEMPERATURE DATA]      [PRECIPITATION DATA]       SYMBOLS USED IN COLUMN 16

AVERAGE MONTHLY: 76.5   TOTAL FOR MONTH:   4.12    1 = FOG OR MIST
DPTR FM NORMAL:   3.2   DPTR FM NORMAL:    1.72    2 = FOG REDUCING VISIBILITY
HIGHEST:    97 ON 12    GRTST 24HR  1.50 ON 15-15      TO 1/4 MILE OR LESS
LOWEST:     57 ON  8, 7                            3 = THUNDER
                        SNOW, ICE PELLETS, HAIL    4 = ICE PELLETS
                        TOTAL MONTH:   0.0 INCH    5 = HAIL
                        GRTST 24HR     0.0         6 = FREEZING RAIN OR DRIZZLE
                        GRTST DEPTH:   0           7 = DUSTSTORM OR SANDSTORM:
                                                       VSBY 1/2 MILE OR LESS
                                                   8 = SMOKE OR HAZE
[NO. OF DAYS WITH]      [WEATHER - DAYS WITH]      9 = BLOWING SNOW
                                                   X = TORNADO
MAX 32 OR BELOW:   0    0.01 INCH OR MORE:   9
MAX 90 OR ABOVE:  10    0.10 INCH OR MORE:   6
MIN 32 OR BELOW:   0    0.50 INCH OR MORE:   3
MIN  0 OR BELOW:   0    1.00 INCH OR MORE:   2

[HDD (BASE 65) ]
TOTAL THIS MO.     0    CLEAR  (SCALE 0-3)   6
DPTR FM NORMAL    -3    PTCLDY (SCALE 4-7)  16
TOTAL FM JUL 1  1331    CLOUDY (SCALE 8-10)  2
DPTR FM NORMAL  -262

[CDD (BASE 65) ]
TOTAL THIS MO.   284
DPTR FM NORMAL    77    [PRESSURE DATA]
TOTAL FM JAN 1   484    HIGHEST SLP M ON M
DPTR FM NORMAL   124    LOWEST  SLP 29.84 ON 17

[REMARKS]
