000
CXUS54 KBMX 251110
CF6TOI
PRELIMINARY LOCAL CLIMATOLOGICAL DATA (WS FORM: F-6)

                                          STATION:   TROY
                                          MONTH:     MAY
                                          YEAR:      2018
                                          LATITUDE:   31 51 N
                                          LONGITUDE:  86  1 W

  TEMPERATURE IN F:       :PCPN:    SNOW:  WIND      :SUNSHINE: SKY     :PK WND
================================================================================
1   2   3   4   5  6A  6B    7    8   9   10  11  12  13   14  15   16   17  18
                                     12Z  AVG MX 2MIN
DY MAX MIN AVG DEP HDD CDD  WTR  SNW DPTH SPD SPD DIR MIN PSBL S-S WX    SPD DR
================================================================================

 1  84  50  67   0   0   2 0.00  0.0    0  3.2 13 170   M    M   2        21 150
 2  85  53  69   1   0   4 0.00  0.0    0  2.6 10 150   M    M   1 1      14 140
 3  84  53  69   1   0   4 0.00  0.0    0  3.1 10 120   M    M   0 1      15 150
 4  86  53  70   2   0   5 0.00  0.0    0  2.4 12 210   M    M   0 1      16 220
 5  84  58  71   3   0   6 0.00  0.0    0  3.8 15 200   M    M   1 1      17 200
 6  83  56  70   1   0   5 0.00  0.0    0  5.7 20 350   M    M   0 1      24 350
 7  88  52  70   1   0   5 0.00  0.0    0  3.9 16 330   M    M   0        21 340
 8  88  53  71   2   0   6 0.00  0.0    0  1.5  8 330   M    M   2        11 180
 9  90  55  73   4   0   8 0.00  0.0    0  2.3 13 310   M    M   0 1      16 280
10  91  55  73   3   0   8 0.00  0.0    0  3.3 13 210   M    M   1        20 270
11  91  57  74   4   0   9 0.00  0.0    0  2.3 10 200   M    M   0 1      14 290
12  93  57  75   5   0  10 0.00  0.0    0  2.0  9 350   M    M   0 1      14 350
13  95  60  78   8   0  13 0.00  0.0    0  4.3 16 360   M    M   0 1      24  30
14  92  62  77   6   0  12    T  0.0    0  2.2 21  40   M    M   2 13     25  30
15  84  63  74   3   0   9 0.00  0.0    0  5.4 14 100   M    M   3        17  90
16  82  66  74   3   0   9    T  0.0    0  2.8 10 130   M    M   5        16 110
17  87  66  77   5   0  12 0.45  0.0    0  3.1 24 330   M    M   3 13     31 310
18  88  65  77   5   0  12 0.43  0.0    0  4.1 18 320   M    M   5 13     21 320
19  87  68  78   6   0  13 0.13  0.0    0  4.3 15  10   M    M   5 13     18  10
20  87  67  77   5   0  12    T  0.0    0  2.9 23 130   M    M   1 13     34 130
21  81  66  74   1   0   9 0.06  0.0    0  5.0 16 120   M    M   9 138    19 130
22  85  69  77   4   0  12 0.15  0.0    0  4.4 15 140   M    M   6 13     19 130
23  88  69  79   6   0  14 0.01  0.0    0  4.5 14 350   M    M   6 13     16 340
24  88  67  78   5   0  13 0.01  0.0    0  2.5 12 330   M    M   4 123    16  60
================================================================================
SM 2091 1440         0 212  1.24     0.0  81.6          M       56
================================================================================
AV 87.1 60.0                               3.4 FASTST   M    M   2    MAX(MPH)
                                 MISC ---->  # 24 330               # 34  130
================================================================================
NOTES:
# LAST OF SEVERAL OCCURRENCES

COLUMN 17 PEAK WIND IN M.P.H.

PRELIMINARY LOCAL CLIMATOLOGICAL DATA (WS FORM: F-6) , PAGE 2

                                          STATION:  TROY
                                          MONTH:    MAY
                                          YEAR:     2018
                                          LATITUDE:   31 51 N
                                          LONGITUDE:  86  1 W

[TEMPERATURE DATA]      [PRECIPITATION DATA]       SYMBOLS USED IN COLUMN 16

AVERAGE MONTHLY: 73.6   TOTAL FOR MONTH:   1.24    1 = FOG OR MIST
DPTR FM NORMAL:   3.2   DPTR FM NORMAL:   -1.12    2 = FOG REDUCING VISIBILITY
HIGHEST:    95 ON 13    GRTST 24HR  0.45 ON 17-17      TO 1/4 MILE OR LESS
LOWEST:     50 ON  1                               3 = THUNDER
                        SNOW, ICE PELLETS, HAIL    4 = ICE PELLETS
                        TOTAL MONTH:   0.0 INCH    5 = HAIL
                        GRTST 24HR     0.0         6 = FREEZING RAIN OR DRIZZLE
                        GRTST DEPTH:   0           7 = DUSTSTORM OR SANDSTORM:
                                                       VSBY 1/2 MILE OR LESS
                                                   8 = SMOKE OR HAZE
[NO. OF DAYS WITH]      [WEATHER - DAYS WITH]      9 = BLOWING SNOW
                                                   X = TORNADO
MAX 32 OR BELOW:   0    0.01 INCH OR MORE:   7
MAX 90 OR ABOVE:   6    0.10 INCH OR MORE:   4
MIN 32 OR BELOW:   0    0.50 INCH OR MORE:   0
MIN  0 OR BELOW:   0    1.00 INCH OR MORE:   0

[HDD (BASE 65) ]
TOTAL THIS MO.     0    CLEAR  (SCALE 0-3)  15
DPTR FM NORMAL   -12    PTCLDY (SCALE 4-7)   8
TOTAL FM JUL 1  2092    CLOUDY (SCALE 8-10)  1
DPTR FM NORMAL  -233

[CDD (BASE 65) ]
TOTAL THIS MO.   212
DPTR FM NORMAL    68    [PRESSURE DATA]
TOTAL FM JAN 1   324    HIGHEST SLP M ON M
DPTR FM NORMAL   103    LOWEST  SLP 29.80 ON 17

[REMARKS]
