000
CXUS53 KSGF 260800
CF6VIH
PRELIMINARY LOCAL CLIMATOLOGICAL DATA (WS FORM: F-6)

                                          STATION:   VICHY-ROLLA MO
                                          MONTH:     MAY
                                          YEAR:      2018
                                          LATITUDE:   38  7 N
                                          LONGITUDE:  91 46 W

  TEMPERATURE IN F:       :PCPN:    SNOW:  WIND      :SUNSHINE: SKY     :PK WND
================================================================================
1   2   3   4   5  6A  6B    7    8   9   10  11  12  13   14  15   16   17  18
                                     12Z  AVG MX 2MIN
DY MAX MIN AVG DEP HDD CDD  WTR  SNW DPTH SPD SPD DIR MIN PSBL S-S WX    SPD DR
================================================================================

 1  83  60  72  12   0   7 0.00    M    M 15.8 28 210   M    M   1        36 220
 2  83  66  75  15   0  10 0.00    M    M 14.2 21 180   M    M   6        30 190
 3  74  63  69   9   0   4 1.27    M    M 14.5 29 150   M    M   7 13     41 280
 4  71  50  61   0   4   0 0.00    M    M  8.4 20 300   M    M   4        26 300
 5  79  49  64   3   1   0 0.00    M    M  5.8 16 360   M    M   1        22 270
 6  82  52  67   6   0   2 0.13    M    M  8.6 22  10   M    M   3 3      31  10
 7  81  51  66   4   0   1 0.00    M    M  6.1 14  50   M    M   0        17  60
 8  83  57  70   8   0   5 0.00    M    M 11.5 18 170   M    M   0        25 160
 9  86  59  73  11   0   8 0.10    M    M 10.8 22 240   M    M   3 3      31 210
10  84  57  71   9   0   6 0.00    M    M  8.3 17 240   M    M   1        24 230
11  85  60  73  11   0   8 0.00    M    M 12.1 26 200   M    M   0        37 200
12  86  63  75  12   0  10 0.00    M    M 10.5 24 200   M    M   0        32 200
13  86  64  75  12   0  10 0.00    M    M  8.7 16 230   M    M   3        23 240
14  87  62  75  12   0  10 0.25    M    M  9.2 22 270   M    M   2 13     32 270
15  81  61  71   7   0   6    T    M    M  5.3 15 270   M    M   2        20 230
16  83  61  72   8   0   7 0.00    M    M  4.8 12  30   M    M   3 13     15  20
17  70  60  65   1   0   0 0.66    M    M  3.1 13 110   M    M   6 13     22  40
18  74  57  66   2   0   1    T    M    M  4.7 12  70   M    M   5 12     16  70
19  77  56  67   2   0   2 0.59    M    M  7.4 38 280   M    M   5 1238   55 280
20  79  62  71   6   0   6 1.49    M    M  8.4 28 270   M    M   3 13     44 270
21  81  62  72   7   0   7 0.01    M    M  6.8 15 240   M    M   5        19 250
22  84  58  71   6   0   6 0.00    M    M  3.6  9 120   M    M   1 1      12 360
23  85  65  75   9   0  10 0.00    M    M  6.8 14 110   M    M   1        19 120
24  85  64  75   9   0  10 0.00    M    M  4.4 12 190   M    M   1 13     16 190
25  81  66  74   8   0   9 0.22    M    M  7.0 18 260   M    M   1 13     24 250
================================================================================
SM 2030 1485         5 145  4.72    M    206.8          M       64
================================================================================
AV 81.2 59.4                               8.3 FASTST   M    M   3    MAX(MPH)
                                 MISC ---->  # 38 280               # 55  280
================================================================================
NOTES:
# LAST OF SEVERAL OCCURRENCES

COLUMN 17 PEAK WIND IN M.P.H.

PRELIMINARY LOCAL CLIMATOLOGICAL DATA (WS FORM: F-6) , PAGE 2

                                          STATION:  VICHY-ROLLA MO
                                          MONTH:    MAY
                                          YEAR:     2018
                                          LATITUDE:   38  7 N
                                          LONGITUDE:  91 46 W

[TEMPERATURE DATA]      [PRECIPITATION DATA]       SYMBOLS USED IN COLUMN 16

AVERAGE MONTHLY: 70.3   TOTAL FOR MONTH:   4.72    1 = FOG OR MIST
DPTR FM NORMAL:   7.3   DPTR FM NORMAL:    0.67    2 = FOG REDUCING VISIBILITY
HIGHEST:    87 ON 14    GRTST 24HR  1.49 ON 20-20      TO 1/4 MILE OR LESS
LOWEST:     49 ON  5                               3 = THUNDER
                        SNOW, ICE PELLETS, HAIL    4 = ICE PELLETS
                        TOTAL MONTH:    M          5 = HAIL
                        GRTST 24HR    M  ON   M    6 = FREEZING RAIN OR DRIZZLE
                        GRTST DEPTH:  M  ON   M    7 = DUSTSTORM OR SANDSTORM:
                                                       VSBY 1/2 MILE OR LESS
                                                   8 = SMOKE OR HAZE
[NO. OF DAYS WITH]      [WEATHER - DAYS WITH]      9 = BLOWING SNOW
                                                   X = TORNADO
MAX 32 OR BELOW:   0    0.01 INCH OR MORE:   9
MAX 90 OR ABOVE:   0    0.10 INCH OR MORE:   8
MIN 32 OR BELOW:   0    0.50 INCH OR MORE:   4
MIN  0 OR BELOW:   0    1.00 INCH OR MORE:   2

[HDD (BASE 65) ]
TOTAL THIS MO.     5    CLEAR  (SCALE 0-3)  16
DPTR FM NORMAL  -100    PTCLDY (SCALE 4-7)   9
TOTAL FM JUL 1  4720    CLOUDY (SCALE 8-10)  0
DPTR FM NORMAL  -103

[CDD (BASE 65) ]
TOTAL THIS MO.   145
DPTR FM NORMAL    90    [PRESSURE DATA]
TOTAL FM JAN 1   155    HIGHEST SLP M ON M
DPTR FM NORMAL    74    LOWEST  SLP 29.73 ON  3

[REMARKS]
