000
CXUS53 KGRR 041631 RRA
CLABIV
WRKCLABIV 000
TTAA00 GRR 041629
CLIMATE REPORT
NATIONAL WEATHER SERVICE GRAND RAPIDS, MICHIGAN
1120 AM EST THU JAN 04 2024
...................................
...THE HOLLAND CLIMATE SUMMARY FOR THE YEAR OF 2023...
CLIMATE NORMAL PERIOD: 1991 TO 2020
CLIMATE RECORD PERIOD: 1905 TO 2024
WEATHER OBSERVED NORMAL DEPART LAST YEAR`S
VALUE DATE(S) VALUE FROM VALUE DATE(S)
NORMAL
................................................................
TEMPERATURE (F)
RECORD
HIGH 102 07/06/2012
LOW -24 02/01/1918
HIGHEST 93 05/31 MM MM 94 06/21
08/24
09/05
LOWEST 8 01/31 MM MM 0 02/13
AVG. MAXIMUM 61.8 57.9 3.9 57.6
AVG. MINIMUM 44.5 40.6 3.9 41.0
MEAN 53.1 49.3 3.8 49.3
DAYS MAX >= 90 10 8.4 1.6 6
DAYS MAX <= 32 8 43.3 -35.3 50
DAYS MIN <= 32 72 122.7 -50.7 127
DAYS MIN <= 0 0 2.8 -2.8 1
PRECIPITATION (INCHES)
RECORD
MAXIMUM 49.27 1967
MINIMUM 19.36 1930
TOTALS 37.43 34.76 2.67 35.86
DAILY AVG. 0.10 0.10 0.00 0.10
DAYS >= .01 146 146.3 -0.3 143
DAYS >= .10 78 73.9 4.1 80
DAYS >= .50 23 21.4 1.6 22
DAYS >= 1.00 7 6.5 0.5 9
GREATEST
24 HR. TOTAL 2.81 08/14 TO 08/15
DEGREE DAYS
HEATING TOTAL 5230 6333 -1103 6253
SINCE 7/1 1987 2336 -349 MM
COOLING TOTAL 641 631 10 740
SINCE 1/1 641 631 10 MM
FREEZE DATES
EARLIEST 10/23
LATEST 04/27
................................................................
WIND (MPH)
AVERAGE WIND SPEED 7.7
RESULTANT WIND SPEED/DIRECTION 2/240
HIGHEST WIND SPEED/DIRECTION 38/240 DATE 02/15
HIGHEST GUST SPEED/DIRECTION 53/200 DATE 02/15
SKY COVER
AVERAGE SKY COVER 0.48
NUMBER OF DAYS FAIR 154
NUMBER OF DAYS PC 100
NUMBER OF DAYS CLOUDY 110
AVERAGE RH (PERCENT) 71
WEATHER CONDITIONS. NUMBER OF DAYS WITH
THUNDERSTORM 30 MIXED PRECIP 0
HEAVY RAIN 35 RAIN 63
LIGHT RAIN 127 FREEZING RAIN 2
LT FREEZING RAIN 4 HAIL 0
HEAVY SNOW 5 SNOW 12
LIGHT SNOW 50 SLEET 0
FOG 190 FOG W/VIS <= 1/4 MILE 31
HAZE 37
- INDICATES NEGATIVE NUMBERS.
R INDICATES RECORD WAS SET OR TIED.
MM INDICATES DATA IS MISSING.
T INDICATES TRACE AMOUNT.
$$