000
CDUS41 KBTV 200535
CLI1V4


CLIMATE REPORT
NATIONAL WEATHER SERVICE BURLINGTON VT
134 AM EDT FRI APR 20 2018


...................................

...THE ST. JOHNSBURY VT CLIMATE SUMMARY FOR APRIL 19 2018...

CLIMATE NORMAL PERIOD 1981 TO 2010
CLIMATE RECORD PERIOD 1894 TO 2018


WEATHER ITEM   OBSERVED TIME   RECORD YEAR NORMAL DEPARTURE LAST
                VALUE   (LST)  VALUE       VALUE  FROM      YEAR
                                                  NORMAL
..................................................................
TEMPERATURE (F)
 YESTERDAY
  MAXIMUM         44        MM  90    1976  58    -14       51
  MINIMUM         33        MM  18    1926  34     -1       35
  AVERAGE         39                        46     -7       43

PRECIPITATION (IN)
  YESTERDAY        0.03          1.26 1969   0.09  -0.06     0.33
  MONTH TO DATE    2.80                      1.77   1.03     2.26
  SINCE MAR 1      4.71                      4.28   0.43     5.71
  SINCE JAN 1     10.29                      8.96   1.33    11.45

DEGREE DAYS
 HEATING
  YESTERDAY       26                        19      7       22
  MONTH TO DATE  593                       437    156      395
  SINCE MAR 1   1672                      1513    159     1641
  SINCE JUL 1   7189                      7237    -48     6654

 COOLING
  YESTERDAY        0                         0      0        0
  MONTH TO DATE    0                         0      0        0
  SINCE MAR 1      0                         0      0        0
  SINCE JAN 1      0                         0      0        0
..................................................................


WIND (MPH)
  HIGHEST WIND SPEED    MM   HIGHEST WIND DIRECTION    MM
  HIGHEST GUST SPEED    MM   HIGHEST GUST DIRECTION    MM
  AVERAGE WIND SPEED    MM


SKY COVER
  AVERAGE SKY COVER 0.0


WEATHER CONDITIONS
 THE FOLLOWING WEATHER WAS RECORDED YESTERDAY.
  NO SIGNIFICANT WEATHER WAS OBSERVED.


RELATIVE HUMIDITY (PERCENT)
 HIGHEST   100           700 PM
 LOWEST     49           200 PM
 AVERAGE    75

..........................................................


THE ST. JOHNSBURY VT CLIMATE NORMALS FOR TODAY
                         NORMAL    RECORD    YEAR
 MAXIMUM TEMPERATURE (F)   59        89      1941
 MINIMUM TEMPERATURE (F)   34        12      1897


SUNRISE AND SUNSET
APRIL 20 2018.........SUNRISE   556 AM EDT   SUNSET   739 PM EDT
APRIL 21 2018.........SUNRISE   554 AM EDT   SUNSET   740 PM EDT


-  INDICATES NEGATIVE NUMBERS.
R  INDICATES RECORD WAS SET OR TIED.
MM INDICATES DATA IS MISSING.
T  INDICATES TRACE AMOUNT.




$$
