000
CDUS41 KPHI 202130
CLIABE


CLIMATE REPORT
NATIONAL WEATHER SERVICE MOUNT HOLLY NJ
530 PM EDT FRI APR 20 2018


...................................

...THE ALLENTOWN PA CLIMATE SUMMARY FOR APRIL 20 2018...
VALID TODAY AS OF 0500 PM LOCAL TIME.

CLIMATE NORMAL PERIOD 1981 TO 2010
CLIMATE RECORD PERIOD 1922 TO 2018


WEATHER ITEM   OBSERVED TIME   RECORD YEAR NORMAL DEPARTURE LAST
                VALUE   (LST)  VALUE       VALUE  FROM      YEAR
                                                  NORMAL
..................................................................
TEMPERATURE (F)
 TODAY
  MAXIMUM         52    333 PM  90    1941  63    -11       75
  MINIMUM         36    618 AM  29    1961  40     -4       52
  AVERAGE         44                        52     -8       64

PRECIPITATION (IN)
  TODAY            0.00          1.14 1940   0.12  -0.12     0.22
  MONTH TO DATE    2.66                      2.39   0.27     1.96
  SINCE MAR 1      5.89                      5.78   0.11     7.22
  SINCE JAN 1     14.56                     11.51   3.05    12.31

SNOWFALL (IN)
  TODAY            0.0           T    1983   0.0    0.0      0.0
  MONTH TO DATE    3.9                       0.9    3.0      0.0
  SINCE MAR 1     24.6                       5.8   18.8     18.3
  SINCE JUL 1     49.9                      32.8   17.1     28.3
  SNOW DEPTH       0

DEGREE DAYS
 HEATING
  TODAY           21                        14      7        1
  MONTH TO DATE  409                       338     71      190
  SINCE MAR 1   1252                      1141    111     1025
  SINCE JUL 1   5075                      5450   -375     4527

 COOLING
  TODAY            0                         0      0        0
  MONTH TO DATE    4                         0      4        2
  SINCE MAR 1      4                         0      4        2
  SINCE JAN 1      4                         0      4        2
..................................................................


WIND (MPH)
  HIGHEST WIND SPEED    26   HIGHEST WIND DIRECTION    NW (330)
  HIGHEST GUST SPEED    35   HIGHEST GUST DIRECTION    NW (320)
  AVERAGE WIND SPEED    13.7


SKY COVER
  POSSIBLE SUNSHINE  MM
  AVERAGE SKY COVER 0.3


WEATHER CONDITIONS
 THE FOLLOWING WEATHER WAS RECORDED TODAY.
  NO SIGNIFICANT WEATHER WAS OBSERVED.


RELATIVE HUMIDITY (PERCENT)
 HIGHEST    59          1200 AM
 LOWEST     35           200 PM
 AVERAGE    47

..........................................................


THE ALLENTOWN PA CLIMATE NORMALS FOR TOMORROW
                         NORMAL    RECORD    YEAR
 MAXIMUM TEMPERATURE (F)   64        89      1985
 MINIMUM TEMPERATURE (F)   40        28      1956
                                             1925


SUNRISE AND SUNSET
APRIL 20 2018.........SUNRISE   616 AM EDT   SUNSET   746 PM EDT
APRIL 21 2018.........SUNRISE   614 AM EDT   SUNSET   747 PM EDT


-  INDICATES NEGATIVE NUMBERS.
R  INDICATES RECORD WAS SET OR TIED.
MM INDICATES DATA IS MISSING.
T  INDICATES TRACE AMOUNT.




$$
