476
CDUS44 KSJT 220746
CLIABI


CLIMATE REPORT
NATIONAL WEATHER SERVICE SAN ANGELO TX
245 AM CDT SUN APR 22 2018


...................................

...THE ABILENE CLIMATE SUMMARY FOR APRIL 21 2018...

CLIMATE NORMAL PERIOD 1981 TO 2010
CLIMATE RECORD PERIOD 1886 TO 2018


WEATHER ITEM   OBSERVED TIME   RECORD YEAR NORMAL DEPARTURE LAST
                VALUE   (LST)  VALUE       VALUE  FROM      YEAR
                                                  NORMAL
..................................................................
TEMPERATURE (F)
 YESTERDAY
  MAXIMUM         82    147 PM  98    1940  79      3       90
  MINIMUM         51   1159 PM  35    1918  53     -2       55
  AVERAGE         67                        66      1       73

PRECIPITATION (IN)
  YESTERDAY        0.02          1.90 1974   0.06  -0.04     0.00
  MONTH TO DATE    0.02                      1.03  -1.01     1.32
  SINCE MAR 1      1.49                      2.77  -1.28     1.74
  SINCE JAN 1      3.90                      5.15  -1.25     5.12

SNOWFALL (IN)
  YESTERDAY        0.0           0.0  2002   0.0    0.0      0.0
  MONTH TO DATE    0.0                       0.3   -0.3      0.0
  SINCE NOV 1      0.5                       4.7   -4.2       T
  SINCE JUL 1      0.5                       4.7   -4.2       T

DEGREE DAYS
 HEATING
  YESTERDAY        0                         3     -3        0
  MONTH TO DATE  139                        94     45       47
  SINCE MAR 1    350                       392    -42      193
  SINCE JUL 1   2551                      2525     26     1774

 COOLING
  YESTERDAY        2                         4     -2        8
  MONTH TO DATE   43                        58    -15       75
  SINCE MAR 1     89                        87      2      159
  SINCE JAN 1    101                        92      9      190
..................................................................


WIND (MPH)
  HIGHEST WIND SPEED    33   HIGHEST WIND DIRECTION     N (350)
  HIGHEST GUST SPEED    40   HIGHEST GUST DIRECTION     N (350)
  AVERAGE WIND SPEED    16.8


SKY COVER
  POSSIBLE SUNSHINE  MM
  AVERAGE SKY COVER 0.5


WEATHER CONDITIONS
 THE FOLLOWING WEATHER WAS RECORDED YESTERDAY.
  LIGHT RAIN
  FOG


RELATIVE HUMIDITY (PERCENT)
 HIGHEST    86           500 AM
 LOWEST     22           100 PM
 AVERAGE    54

..........................................................


THE ABILENE CLIMATE NORMALS FOR TODAY
                         NORMAL    RECORD    YEAR
 MAXIMUM TEMPERATURE (F)   79        97      2009
                                             1955
                                             1943
 MINIMUM TEMPERATURE (F)   54        33      1927


SUNRISE AND SUNSET
APRIL 22 2018.........SUNRISE   701 AM CDT   SUNSET   813 PM CDT
APRIL 23 2018.........SUNRISE   700 AM CDT   SUNSET   814 PM CDT


-  INDICATES NEGATIVE NUMBERS.
R  INDICATES RECORD WAS SET OR TIED.
MM INDICATES DATA IS MISSING.
T  INDICATES TRACE AMOUNT.




$$
