000
CDUS43 KABR 270706
CLIABR


CLIMATE REPORT
NATIONAL WEATHER SERVICE ABERDEEN SD
203 AM CDT FRI APR 27 2018


...................................

...THE ABERDEEN SD CLIMATE SUMMARY FOR APRIL 26 2018...

CLIMATE NORMAL PERIOD 1981 TO 2010
CLIMATE RECORD PERIOD 1893 TO 2018


WEATHER ITEM   OBSERVED TIME   RECORD YEAR NORMAL DEPARTURE LAST
                VALUE   (LST)  VALUE       VALUE  FROM      YEAR
                                                  NORMAL
..................................................................
TEMPERATURE (F)
 YESTERDAY
  MAXIMUM         66    513 PM  86    1952  63      3       32
                                      1899
  MINIMUM         35   1114 PM  20    1931  36     -1       27
  AVERAGE         51                        49      2       30

PRECIPITATION (IN)
  YESTERDAY        0.00          1.75 1912   0.08  -0.08     0.18
                                      1906
  MONTH TO DATE    0.97                      1.50  -0.53     1.38
  SINCE MAR 1      2.56                      2.66  -0.10     2.05
  SINCE JAN 1      3.43                      3.68  -0.25     2.73

SNOWFALL (IN)
  YESTERDAY        0.0           4.5  1937   0.0    0.0      1.8
  MONTH TO DATE   10.3                       2.9    7.4      1.8
  SINCE OCT 1     43.2                      37.9    5.3     39.9
  SINCE JUL 1     43.2                      37.9    5.3     39.9
  SNOW DEPTH       0

DEGREE DAYS
 HEATING
  YESTERDAY       14                        16     -2       35
  MONTH TO DATE  827                       562    265      486
  SINCE MAR 1   1955                      1650    305     1532
  SINCE JUL 1   8322                      8113    209     7147

 COOLING
  YESTERDAY        0                         0      0        0
  MONTH TO DATE    0                         0      0        0
  SINCE MAR 1      0                         0      0        0
  SINCE JAN 1      0                         0      0        0
..................................................................


WIND (MPH)
  HIGHEST WIND SPEED    28   HIGHEST WIND DIRECTION     N (360)
  HIGHEST GUST SPEED    36   HIGHEST GUST DIRECTION     N (10)
  AVERAGE WIND SPEED    15.5


SKY COVER
  POSSIBLE SUNSHINE  MM
  AVERAGE SKY COVER 0.0


WEATHER CONDITIONS
 THE FOLLOWING WEATHER WAS RECORDED YESTERDAY.
  NO SIGNIFICANT WEATHER WAS OBSERVED.


RELATIVE HUMIDITY (PERCENT)
 HIGHEST    85           200 AM
 LOWEST     20           500 PM
 AVERAGE    53

..........................................................


THE ABERDEEN SD CLIMATE NORMALS FOR TODAY
                         NORMAL    RECORD    YEAR
 MAXIMUM TEMPERATURE (F)   63        91      1897
 MINIMUM TEMPERATURE (F)   37        17      2005


SUNRISE AND SUNSET
APRIL 27 2018.........SUNRISE   628 AM CDT   SUNSET   835 PM CDT
APRIL 28 2018.........SUNRISE   627 AM CDT   SUNSET   837 PM CDT


-  INDICATES NEGATIVE NUMBERS.
R  INDICATES RECORD WAS SET OR TIED.
MM INDICATES DATA IS MISSING.
T  INDICATES TRACE AMOUNT.




$$
