000
CDAK48 PAFC 210044
CLIADQ


CLIMATE REPORT
NATIONAL WEATHER SERVICE ANCHORAGE, AK
444 PM AKDT FRI APR 20 2018


...................................

...THE KODIAK CLIMATE SUMMARY FOR APRIL 20 2018...
VALID TODAY AS OF 0400 PM LOCAL TIME.

CLIMATE NORMAL PERIOD 1981 TO 2010
CLIMATE RECORD PERIOD 1913 TO 2018


WEATHER ITEM   OBSERVED TIME   RECORD YEAR NORMAL DEPARTURE LAST
                VALUE   (LST)  VALUE       VALUE  FROM      YEAR
                                                  NORMAL
..................................................................
TEMPERATURE (F)
 TODAY
  MAXIMUM         46    200 PM  56    2012  44      2       48
  MINIMUM         28        MM  22    1972  33     -5       28
  AVERAGE         37                        39     -2       38

PRECIPITATION (IN)
  TODAY            T             1.44 1985   0.18  -0.18     0.00
  MONTH TO DATE    4.08                      3.93   0.15     4.94
  SINCE MAR 1      6.24                      9.46  -3.22     5.64
  SINCE JAN 1     17.17                     23.89  -6.72    11.18

SNOWFALL (IN)
  TODAY            0.0          MM      MM   0.2   -0.2      0.0
  MONTH TO DATE    0.0                       6.7   -6.7      1.1
  SINCE MAR 1      1.1                      18.0  -16.9      2.6
  SINCE JUL 1     17.9                      67.4  -49.5     28.4
  SNOW DEPTH       0

DEGREE DAYS
 HEATING
  TODAY           28                        26      2       27
  MONTH TO DATE  502                       571    -69      514
  SINCE MAR 1   1392                      1569   -177     1627
  SINCE JUL 1   6693                      7441   -748     6968

 COOLING
  TODAY            0                         0      0        0
  MONTH TO DATE    0                         0      0        0
  SINCE MAR 1      0                         0      0        0
  SINCE JAN 1      0                         0      0        0
..................................................................


WIND (MPH)
  RESULTANT WIND SPEED   2   RESULTANT WIND DIRECTION   W (260)
  HIGHEST WIND SPEED     9   HIGHEST WIND DIRECTION     S (160)
  HIGHEST GUST SPEED    MM   HIGHEST GUST DIRECTION    MM
  AVERAGE WIND SPEED     6.0



WEATHER CONDITIONS
 THE FOLLOWING WEATHER WAS RECORDED TODAY.
  LIGHT RAIN


RELATIVE HUMIDITY (PERCENT)
 HIGHEST    92
 LOWEST     53
 AVERAGE    73

..........................................................


THE KODIAK CLIMATE NORMALS FOR TOMORROW
                         NORMAL    RECORD    YEAR
 MAXIMUM TEMPERATURE (F)   44        56      1936
 MINIMUM TEMPERATURE (F)   34        22      1972


SUNRISE AND SUNSET
APRIL 20 2018.........SUNRISE   646 AM AKDT  SUNSET   933 PM AKDT
APRIL 21 2018.........SUNRISE   643 AM AKDT  SUNSET   936 PM AKDT


-  INDICATES NEGATIVE NUMBERS.
R  INDICATES RECORD WAS SET OR TIED.
MM INDICATES DATA IS MISSING.
T  INDICATES TRACE AMOUNT.




$$
