710
CDAK48 PAFC 261254
CLIAKN


CLIMATE REPORT
NATIONAL WEATHER SERVICE ANCHORAGE, AK
454 AM AKDT SAT MAY 26 2018


...................................

...THE KING SALMON CLIMATE SUMMARY FOR MAY 25 2018...

CLIMATE NORMAL PERIOD 1981 TO 2010
CLIMATE RECORD PERIOD 1917 TO 2018


WEATHER ITEM   OBSERVED TIME   RECORD YEAR NORMAL DEPARTURE LAST
                VALUE   (LST)  VALUE       VALUE  FROM      YEAR
                                                  NORMAL
..................................................................
TEMPERATURE (F)
 YESTERDAY
  MAXIMUM         60        MM  80    1997  57      3       48
  MINIMUM         40        MM  25    2000  37      3       34
  AVERAGE         50                        47      3       41

PRECIPITATION (IN)
  YESTERDAY        0.00          1.60 1919   0.05  -0.05     0.03
  MONTH TO DATE    1.50                      0.98   0.52     0.95
  SINCE MAR 1      7.00                      2.65   4.35     1.75
  SINCE JAN 1     10.70                      4.43   6.27     2.95

SNOWFALL (IN)
  YESTERDAY        0.0          MM      MM   0.0    0.0      0.0
  MONTH TO DATE    T                         0.7   -0.7      0.0
  SINCE MAR 1     32.3                      11.0   21.3      3.3
  SINCE JUL 1     56.2                      46.5    9.7     26.0
  SNOW DEPTH       0

DEGREE DAYS
 HEATING
  YESTERDAY       15                        18     -3       24
  MONTH TO DATE  516                       540    -24      499
  SINCE MAR 1   2473                      2745   -272     2898
  SINCE JUL 1   8959                     10365  -1406    10031

 COOLING
  YESTERDAY        0                         0      0        0
  MONTH TO DATE    0                         0      0        0
  SINCE MAR 1      0                         0      0        0
  SINCE JAN 1      0                         0      0        0
..................................................................


WIND (MPH)
  RESULTANT WIND SPEED   9   RESULTANT WIND DIRECTION   E (70)
  HIGHEST WIND SPEED    16   HIGHEST WIND DIRECTION     E (90)
  HIGHEST GUST SPEED    25   HIGHEST GUST DIRECTION     E (80)
  AVERAGE WIND SPEED     9.4



WEATHER CONDITIONS
 THE FOLLOWING WEATHER WAS RECORDED YESTERDAY.
  NO SIGNIFICANT WEATHER WAS OBSERVED.


RELATIVE HUMIDITY (PERCENT)
 HIGHEST    79
 LOWEST     36
 AVERAGE    58

..........................................................


THE KING SALMON CLIMATE NORMALS FOR TODAY
                         NORMAL    RECORD    YEAR
 MAXIMUM TEMPERATURE (F)   57        85      2006
 MINIMUM TEMPERATURE (F)   37        20      1931


SUNRISE AND SUNSET
MAY 26 2018...........SUNRISE   536 AM AKDT  SUNSET  1112 PM AKDT
MAY 27 2018...........SUNRISE   535 AM AKDT  SUNSET  1114 PM AKDT


-  INDICATES NEGATIVE NUMBERS.
R  INDICATES RECORD WAS SET OR TIED.
MM INDICATES DATA IS MISSING.
T  INDICATES TRACE AMOUNT.




$$
