709
CDUS45 KPUB 262324
CLIALS


CLIMATE REPORT
NATIONAL WEATHER SERVICE PUEBLO
521 PM MDT THU APR 26 2018


...................................

...THE ALAMOSA CO CLIMATE SUMMARY FOR APRIL 26 2018...
VALID TODAY AS OF 0500 PM LOCAL TIME.

CLIMATE NORMAL PERIOD 1981 TO 2010
CLIMATE RECORD PERIOD 1932 TO 2018


WEATHER ITEM   OBSERVED TIME   RECORD YEAR NORMAL DEPARTURE LAST
                VALUE   (LST)  VALUE       VALUE  FROM      YEAR
                                                  NORMAL
..................................................................
TEMPERATURE (F)
 TODAY
  MAXIMUM         66    138 PM  76    2012  63      3       53
                                      2000
  MINIMUM         25    427 AM  13    1967  28     -3       25
  AVERAGE         46                        45      1       39

PRECIPITATION (IN)
  TODAY            0.00          0.24 1998   0.02  -0.02     0.00
  MONTH TO DATE    0.20                      0.51  -0.31     0.51
  SINCE MAR 1      0.35                      1.04  -0.69     1.24
  SINCE JAN 1      0.66                      1.56  -0.90     2.89

SNOWFALL (IN)
  TODAY            0.0           2.2  1948   0.1   -0.1      0.0
  MONTH TO DATE    0.3                       3.3   -3.0      3.7
  SINCE MAR 1      2.1                       8.3   -6.2      4.4
  SINCE JUL 1      9.1                      26.4  -17.3     39.9
  SNOW DEPTH       0

DEGREE DAYS
 HEATING
  TODAY           19                        20     -1       26
  MONTH TO DATE  545                       618    -73      522
  SINCE MAR 1   1481                      1595   -114     1261
  SINCE JUL 1   6756                      7924  -1168     7050

 COOLING
  TODAY            0                         0      0        0
  MONTH TO DATE    0                         0      0        0
  SINCE MAR 1      0                         0      0        0
  SINCE JAN 1      0                         0      0        0
..................................................................


WIND (MPH)
  HIGHEST WIND SPEED    25   HIGHEST WIND DIRECTION     N (340)
  HIGHEST GUST SPEED    32   HIGHEST GUST DIRECTION     N (340)
  AVERAGE WIND SPEED     9.7


SKY COVER
  POSSIBLE SUNSHINE  MM
  AVERAGE SKY COVER 0.0


WEATHER CONDITIONS
 THE FOLLOWING WEATHER WAS RECORDED TODAY.
  NO SIGNIFICANT WEATHER WAS OBSERVED.


RELATIVE HUMIDITY (PERCENT)
 HIGHEST    57           300 AM
 LOWEST      9           200 PM
 AVERAGE    33

..........................................................


THE ALAMOSA CO CLIMATE NORMALS FOR TOMORROW
                         NORMAL    RECORD    YEAR
 MAXIMUM TEMPERATURE (F)   63        76      2000
                                             1943
 MINIMUM TEMPERATURE (F)   28         8      1991


SUNRISE AND SUNSET
APRIL 26 2018.........SUNRISE   614 AM MDT   SUNSET   749 PM MDT
APRIL 27 2018.........SUNRISE   613 AM MDT   SUNSET   750 PM MDT


-  INDICATES NEGATIVE NUMBERS.
R  INDICATES RECORD WAS SET OR TIED.
MM INDICATES DATA IS MISSING.
T  INDICATES TRACE AMOUNT.




$$
