682
CDUS44 KAMA 200628
CLIAMA


CLIMATE REPORT
NATIONAL WEATHER SERVICE AMARILLO TX
128 AM CDT FRI APR 20 2018


...................................

...THE AMARILLO CLIMATE SUMMARY FOR APRIL 19 2018...

CLIMATE NORMAL PERIOD 1981 TO 2010
CLIMATE RECORD PERIOD 1892 TO 2018


WEATHER ITEM   OBSERVED TIME   RECORD YEAR NORMAL DEPARTURE LAST
                VALUE   (LST)  VALUE       VALUE  FROM      YEAR
                                                  NORMAL
..................................................................
TEMPERATURE (F)
 YESTERDAY
  MAXIMUM         68    450 PM  92    1964  72     -4       90
  MINIMUM         37    529 AM  26    2013  43     -6       56
  AVERAGE         53                        57     -4       73

PRECIPITATION (IN)
  YESTERDAY        0.00          1.03 1908   0.05  -0.05     0.00
  MONTH TO DATE    T                         0.82  -0.82     0.29
  SINCE MAR 1      0.24                      2.21  -1.97     2.27
  SINCE JAN 1      0.25                      3.49  -3.24     5.95

SNOWFALL (IN)
  YESTERDAY        0.0           2.0  1893   0.1   -0.1      0.0
  MONTH TO DATE    0.0                       0.6   -0.6      0.0
  SINCE MAR 1      0.0                       3.5   -3.5      0.0
  SINCE JUL 1      T                        17.5  -17.5      8.0
  SNOW DEPTH       0

DEGREE DAYS
 HEATING
  YESTERDAY       12                         8      4        0
  MONTH TO DATE  224                       205     19      127
  SINCE MAR 1    610                       737   -127      474
  SINCE JUL 1   3516                      4014   -498     3032

 COOLING
  YESTERDAY        0                         1     -1        8
  MONTH TO DATE   17                         5     12       33
  SINCE MAR 1     26                         7     19       45
  SINCE JAN 1     26                         7     19       50
..................................................................


WIND (MPH)
  RESULTANT WIND SPEED  16   RESULTANT WIND DIRECTION  SE (140)
  HIGHEST WIND SPEED    25   HIGHEST WIND DIRECTION    SE (130)
  HIGHEST GUST SPEED    37   HIGHEST GUST DIRECTION    SE (150)
  AVERAGE WIND SPEED    16.1


SKY COVER
  AVERAGE SKY COVER 0.0


WEATHER CONDITIONS
 THE FOLLOWING WEATHER WAS RECORDED YESTERDAY.
  NO SIGNIFICANT WEATHER WAS OBSERVED.


RELATIVE HUMIDITY (PERCENT)
 HIGHEST    52           600 AM
 LOWEST     15           200 PM
 AVERAGE    34

..........................................................


THE AMARILLO CLIMATE NORMALS FOR TODAY
                         NORMAL    RECORD    YEAR
 MAXIMUM TEMPERATURE (F)   72        91      1989
 MINIMUM TEMPERATURE (F)   43        25      1966


SUNRISE AND SUNSET
APRIL 20 2018.........SUNRISE   708 AM CDT   SUNSET   824 PM CDT
APRIL 21 2018.........SUNRISE   707 AM CDT   SUNSET   825 PM CDT


-  INDICATES NEGATIVE NUMBERS.
R  INDICATES RECORD WAS SET OR TIED.
MM INDICATES DATA IS MISSING.
T  INDICATES TRACE AMOUNT.




$$
