000
CDUS41 KGYX 222041
CLIAUG


CLIMATE REPORT
NATIONAL WEATHER SERVICE GRAY ME
440 PM EDT SUN APR 22 2018


...................................

...THE AUGUSTA CLIMATE SUMMARY FOR APRIL 22 2018...
VALID TODAY AS OF 0400 PM LOCAL TIME.

CLIMATE NORMAL PERIOD 1981 TO 2010
CLIMATE RECORD PERIOD 1948 TO 2018


WEATHER ITEM   OBSERVED TIME   RECORD YEAR NORMAL DEPARTURE LAST
                VALUE   (LST)  VALUE       VALUE  FROM      YEAR
                                                  NORMAL
..................................................................
TEMPERATURE (F)
 TODAY
  MAXIMUM         59    258 PM  78    1954  56      3       39
  MINIMUM         35    514 AM  26    2002  37     -2       34
  AVERAGE         47                        47      0       37

PRECIPITATION (IN)
  TODAY            0.00          1.33 2000   0.13  -0.13     0.16
  MONTH TO DATE    2.31                      2.76  -0.45     2.58
  SINCE MAR 1      4.86                      6.13  -1.27     6.07
  SINCE JAN 1     11.85                     11.17   0.68    12.55

DEGREE DAYS
 HEATING
  TODAY           18                        18      0       28
  MONTH TO DATE  597                       501     96      454
  SINCE MAR 1   1595                      1527     68     1646
  SINCE JUL 1   6581                      6870   -289     6458

 COOLING
  TODAY            0                         0      0        0
  MONTH TO DATE    0                         0      0        0
  SINCE MAR 1      0                         0      0        0
  SINCE JAN 1      0                         0      0        0
..................................................................


WIND (MPH)
  HIGHEST WIND SPEED    18   HIGHEST WIND DIRECTION    NW (330)
  HIGHEST GUST SPEED    23   HIGHEST GUST DIRECTION    NW (320)
  AVERAGE WIND SPEED     7.9


SKY COVER
  AVERAGE SKY COVER 0.0


WEATHER CONDITIONS
 THE FOLLOWING WEATHER WAS RECORDED TODAY.
  NO SIGNIFICANT WEATHER WAS OBSERVED.


RELATIVE HUMIDITY (PERCENT)
 HIGHEST    59           400 AM
 LOWEST     15           300 PM
 AVERAGE    37

..........................................................


THE AUGUSTA CLIMATE NORMALS FOR TOMORROW
                         NORMAL    RECORD    YEAR
 MAXIMUM TEMPERATURE (F)   57        84      2007
 MINIMUM TEMPERATURE (F)   37        26      1989


SUNRISE AND SUNSET
APRIL 22 2018.........SUNRISE   544 AM EDT   SUNSET   732 PM EDT
APRIL 23 2018.........SUNRISE   542 AM EDT   SUNSET   733 PM EDT


-  INDICATES NEGATIVE NUMBERS.
R  INDICATES RECORD WAS SET OR TIED.
MM INDICATES DATA IS MISSING.
T  INDICATES TRACE AMOUNT.




$$
