000
CDUS43 KGRB 210632
CLIAUW


CLIMATE REPORT
NATIONAL WEATHER SERVICE GREEN BAY
131 AM CDT MON MAY 21 2018


...................................

...THE WAUSAU WI CLIMATE SUMMARY FOR MAY 20 2018...

CLIMATE NORMAL PERIOD 1981 TO 2010
CLIMATE RECORD PERIOD 1896 TO 2018


WEATHER ITEM   OBSERVED TIME   RECORD YEAR NORMAL DEPARTURE LAST
                VALUE   (LST)  VALUE       VALUE  FROM      YEAR
                                                  NORMAL
..................................................................
TEMPERATURE (F)
 YESTERDAY
  MAXIMUM         70    448 PM  87    1975  68      2       53
                                      1934
  MINIMUM         42    611 AM  29    2002  45     -3       37
                                      1907
  AVERAGE         56                        57     -1

PRECIPITATION (IN)
  YESTERDAY        0.00          0.98 1911   0.12  -0.12     0.25
  MONTH TO DATE    1.93                      2.15  -0.22     3.07
  SINCE MAR 1      6.79                      6.64   0.15    11.04
  SINCE JAN 1      9.26                      8.58   0.68    14.98

SNOWFALL (IN)
  YESTERDAY        0.0           0.0    MM   0.0    0.0      0.0
  MONTH TO DATE    0.0                       0.2   -0.2      0.0
  SINCE JUL 1     89.2                      59.6   29.6     60.5
  SNOW DEPTH       0

DEGREE DAYS
 HEATING
  YESTERDAY        9                         9      0       20
  MONTH TO DATE  115                       229   -114      257
  SINCE MAR 1   2189                      1945    244     1902
  SINCE JUL 1   8277                      8081    196     7128

 COOLING
  YESTERDAY        0                         1     -1        0
  MONTH TO DATE    4                         3      1        1
  SINCE MAR 1      4                         5     -1        1
  SINCE JAN 1      4                         5     -1        1
..................................................................


WIND (MPH)
  HIGHEST WIND SPEED    13   HIGHEST WIND DIRECTION    NE (40)
  HIGHEST GUST SPEED    19   HIGHEST GUST DIRECTION     N (20)
  AVERAGE WIND SPEED     5.8


SKY COVER
  POSSIBLE SUNSHINE  MM
  AVERAGE SKY COVER 0.2


WEATHER CONDITIONS
 THE FOLLOWING WEATHER WAS RECORDED YESTERDAY.
  NO SIGNIFICANT WEATHER WAS OBSERVED.


RELATIVE HUMIDITY (PERCENT)
 HIGHEST    83          1200 AM
 LOWEST     19           600 PM
 AVERAGE    51

..........................................................


THE WAUSAU WI CLIMATE NORMALS FOR TODAY
                         NORMAL    RECORD    YEAR
 MAXIMUM TEMPERATURE (F)   69        88      1972
 MINIMUM TEMPERATURE (F)   46        30      1907


SUNRISE AND SUNSET
MAY 21 2018...........SUNRISE   524 AM CDT   SUNSET   827 PM CDT
MAY 22 2018...........SUNRISE   523 AM CDT   SUNSET   828 PM CDT


-  INDICATES NEGATIVE NUMBERS.
R  INDICATES RECORD WAS SET OR TIED.
MM INDICATES DATA IS MISSING.
T  INDICATES TRACE AMOUNT.




$$
