000
CDAK48 PAFC 250103
CLIBET


CLIMATE REPORT
NATIONAL WEATHER SERVICE ANCHORAGE, AK
502 PM AKDT TUE APR 24 2018


...................................

...THE BETHEL CLIMATE SUMMARY FOR APRIL 24 2018...
VALID TODAY AS OF 0500 PM LOCAL TIME.

CLIMATE NORMAL PERIOD 1981 TO 2010
CLIMATE RECORD PERIOD 1948 TO 2018


WEATHER ITEM   OBSERVED TIME   RECORD YEAR NORMAL DEPARTURE LAST
                VALUE   (LST)  VALUE       VALUE  FROM      YEAR
                                                  NORMAL
..................................................................
TEMPERATURE (F)
 TODAY
  MAXIMUM         43        MM  63    2016  40      3       53
  MINIMUM         35        MM -12    1924  24     11       35
  AVERAGE         39                        32      7       44

PRECIPITATION (IN)
  TODAY            0.23          0.42 1931   0.03   0.20     0.06
  MONTH TO DATE    0.71                      0.57   0.14     0.17
  SINCE MAR 1      1.22                      1.28  -0.06     0.47
  SINCE JAN 1      2.99                      2.78   0.21     2.36

SNOWFALL (IN)
  TODAY           MM             1.6  1976   0.1   MM        0.0
  MONTH TO DATE    0.6                       4.9   -4.3      0.9
  SINCE MAR 1      5.7                      13.1   -7.4      3.8
  SINCE JUL 1     35.3                      58.9  -23.6     31.2
  SNOW DEPTH       0

DEGREE DAYS
 HEATING
  TODAY           26                        33     -7       21
  MONTH TO DATE  786                       953   -167      719
  SINCE MAR 1   2096                      2497   -401     2544
  SINCE JUL 1   9349                     11235  -1886    10804

 COOLING
  TODAY            0                         0      0        0
  MONTH TO DATE    0                         0      0        0
  SINCE MAR 1      0                         0      0        0
  SINCE JAN 1      0                         0      0        0
..................................................................


WIND (MPH)
  RESULTANT WIND SPEED  14   RESULTANT WIND DIRECTION  SE (140)
  HIGHEST WIND SPEED    31   HIGHEST WIND DIRECTION     S (190)
  HIGHEST GUST SPEED    41   HIGHEST GUST DIRECTION     S (180)
  AVERAGE WIND SPEED    19.7



WEATHER CONDITIONS
 THE FOLLOWING WEATHER WAS RECORDED TODAY.
  LIGHT RAIN
  SNOW
  LIGHT SNOW
  FOG


RELATIVE HUMIDITY (PERCENT)
 HIGHEST    92
 LOWEST     73
 AVERAGE    83

..........................................................


THE BETHEL CLIMATE NORMALS FOR TOMORROW
                         NORMAL    RECORD    YEAR
 MAXIMUM TEMPERATURE (F)   40        59      2016
 MINIMUM TEMPERATURE (F)   25        -3      1964
                                             1960


SUNRISE AND SUNSET
APRIL 24 2018.........SUNRISE   700 AM AKDT  SUNSET  1032 PM AKDT
APRIL 25 2018.........SUNRISE   657 AM AKDT  SUNSET  1035 PM AKDT


-  INDICATES NEGATIVE NUMBERS.
R  INDICATES RECORD WAS SET OR TIED.
MM INDICATES DATA IS MISSING.
T  INDICATES TRACE AMOUNT.




$$
