000
CDUS44 KAMA 220627
CLIBGD


CLIMATE REPORT
NATIONAL WEATHER SERVICE AMARILLO TX
127 AM CDT SUN APR 22 2018


...................................

...THE BORGER CLIMATE SUMMARY FOR APRIL 21 2018...

CLIMATE NORMAL PERIOD 1981 TO 2010
CLIMATE RECORD PERIOD 1949 TO 2018


WEATHER ITEM   OBSERVED TIME   RECORD YEAR NORMAL DEPARTURE LAST
                VALUE   (LST)  VALUE       VALUE  FROM      YEAR
                                                  NORMAL
..................................................................
TEMPERATURE (F)
 YESTERDAY
  MAXIMUM         54    324 PM  92    1960  74    -20       60
  MINIMUM         44   1159 PM  31    1982  47     -3       47
  AVERAGE         49                        60    -11       54

PRECIPITATION (IN)
  YESTERDAY        0.38          0.49 2017   0.05   0.33     0.49
  MONTH TO DATE    0.85                      1.19  -0.34     0.85
  SINCE MAR 1      0.89                      2.60  -1.71     3.55
  SINCE JAN 1      0.90                      3.81  -2.91     7.03

SNOWFALL (IN)
  YESTERDAY        0.0           T    1959                   0.0
  MONTH TO DATE    0.0                                       0.0
  SINCE MAR 1      0.0                                       0.0
  SINCE JUL 1      2.0                                       3.6
  SNOW DEPTH       0

DEGREE DAYS
 HEATING
  YESTERDAY       16                         6     10       11
  MONTH TO DATE  236                       180     56      114
  SINCE MAR 1    547                       664   -117      412
  SINCE JUL 1   3208                      3657   -449     2747

 COOLING
  YESTERDAY        0                         2     -2        0
  MONTH TO DATE   30                        19     11       62
  SINCE MAR 1     41                        26     15       95
  SINCE JAN 1     41                        26     15      109
..................................................................


WIND (MPH)
  RESULTANT WIND SPEED  10   RESULTANT WIND DIRECTION  NE (30)
  HIGHEST WIND SPEED    20   HIGHEST WIND DIRECTION     N (350)
  HIGHEST GUST SPEED    26   HIGHEST GUST DIRECTION     E (70)
  AVERAGE WIND SPEED    10.8


SKY COVER
  AVERAGE SKY COVER 1.0


WEATHER CONDITIONS
 THE FOLLOWING WEATHER WAS RECORDED YESTERDAY.
  HEAVY RAIN
  RAIN
  LIGHT RAIN
  FOG


RELATIVE HUMIDITY (PERCENT)
 HIGHEST   100           700 AM
 LOWEST     74           500 PM
 AVERAGE    87

..........................................................


THE BORGER CLIMATE NORMALS FOR TODAY
                         NORMAL    RECORD    YEAR
 MAXIMUM TEMPERATURE (F)   74        99      1965
 MINIMUM TEMPERATURE (F)   47        29      1959


SUNRISE AND SUNSET
APRIL 22 2018.........SUNRISE   704 AM CDT   SUNSET   825 PM CDT
APRIL 23 2018.........SUNRISE   703 AM CDT   SUNSET   826 PM CDT


-  INDICATES NEGATIVE NUMBERS.
R  INDICATES RECORD WAS SET OR TIED.
MM INDICATES DATA IS MISSING.
T  INDICATES TRACE AMOUNT.




$$
