000
CDUS41 KBGM 200557
CLIBGM


CLIMATE REPORT
NATIONAL WEATHER SERVICE BINGHAMTON NY
155 AM EDT FRI APR 20 2018


...................................

...THE BINGHAMTON NY CLIMATE SUMMARY FOR APRIL 19 2018...

CLIMATE NORMAL PERIOD 1981 TO 2010
CLIMATE RECORD PERIOD 1951 TO 2018


WEATHER ITEM   OBSERVED TIME   RECORD YEAR NORMAL DEPARTURE LAST
                VALUE   (LST)  VALUE       VALUE  FROM      YEAR
                                                  NORMAL
..................................................................
TEMPERATURE (F)
 YESTERDAY
  MAXIMUM         34    216 PM  85    1976  56    -22       49
  MINIMUM         28   1159 PM  22    2001  37     -9       42
  AVERAGE         31                        47    -16       46

PRECIPITATION (IN)
  YESTERDAY        0.10          1.53 1998   0.11  -0.01     0.61
  MONTH TO DATE    1.76                      2.22  -0.46     3.38
  SINCE MAR 1      4.68                      5.21  -0.53     8.98
  SINCE JAN 1     10.88                      9.97   0.91    15.25

SNOWFALL (IN)
  YESTERDAY        1.2           6.9  1983   0.1    1.1      0.0
  MONTH TO DATE    6.1                       3.4    2.7      2.1
  SINCE MAR 1     42.4                      18.5   23.9     41.7
  SINCE JUL 1     90.5                      82.4    8.1    135.2
  SNOW DEPTH       1

DEGREE DAYS
 HEATING
  YESTERDAY       34                        19     15       19
  MONTH TO DATE  536                       423    113      321
  SINCE MAR 1   1655                      1420    235     1433
  SINCE JUL 1   6623                      6619      4     6046

 COOLING
  YESTERDAY        0                         0      0        0
  MONTH TO DATE    0                         0      0        4
  SINCE MAR 1      0                         0      0        4
  SINCE JAN 1      0                         0      0        4
..................................................................


WIND (MPH)
  HIGHEST WIND SPEED    22   HIGHEST WIND DIRECTION     N (340)
  HIGHEST GUST SPEED    31   HIGHEST GUST DIRECTION    NW (310)
  AVERAGE WIND SPEED     9.6


SKY COVER
  AVERAGE SKY COVER 1.0


WEATHER CONDITIONS
 THE FOLLOWING WEATHER WAS RECORDED YESTERDAY.
  SNOW
  LIGHT SNOW
  FOG


RELATIVE HUMIDITY (PERCENT)
 HIGHEST   100           600 AM
 LOWEST     72           300 PM
 AVERAGE    86

..........................................................


THE BINGHAMTON NY CLIMATE NORMALS FOR TODAY
                         NORMAL    RECORD    YEAR
 MAXIMUM TEMPERATURE (F)   56        80      1954
 MINIMUM TEMPERATURE (F)   38        24      1988
                                             1953


SUNRISE AND SUNSET
APRIL 20 2018.........SUNRISE   615 AM EDT   SUNSET   751 PM EDT
APRIL 21 2018.........SUNRISE   614 AM EDT   SUNSET   752 PM EDT


-  INDICATES NEGATIVE NUMBERS.
R  INDICATES RECORD WAS SET OR TIED.
MM INDICATES DATA IS MISSING.
T  INDICATES TRACE AMOUNT.




$$
