000
CDUS44 KBMX 232147
CLIBHM


CLIMATE REPORT
NATIONAL WEATHER SERVICE BIRMINGHAM, AL
446 PM CDT MON APR 23 2018


...................................

...THE BIRMINGHAM CLIMATE SUMMARY FOR APRIL 23 2018...
VALID TODAY AS OF 0400 PM LOCAL TIME.

CLIMATE NORMAL PERIOD 1981 TO 2010
CLIMATE RECORD PERIOD 1895 TO 2018


WEATHER ITEM   OBSERVED TIME   RECORD YEAR NORMAL DEPARTURE LAST
                VALUE   (LST)  VALUE       VALUE  FROM      YEAR
                                                  NORMAL
..................................................................
TEMPERATURE (F)
 TODAY
  MAXIMUM         68    259 PM  90    1896  76     -8       66
  MINIMUM         58    533 AM  30    1986  53      5       51
  AVERAGE         63                        64     -1       59

PRECIPITATION (IN)
  TODAY            0.45          1.36 1983   0.14   0.31     0.54
  MONTH TO DATE    6.99                      3.37   3.62     5.03
  SINCE MAR 1     11.12                      8.60   2.52    10.27
  SINCE JAN 1     20.61                     17.97   2.64    19.93

SNOWFALL (IN)
  TODAY            0.0                       0.0    0.0      0.0
  MONTH TO DATE    0.0                       0.2   -0.2      0.0
  SINCE MAR 1      0.0                       0.8   -0.8      0.0
  SINCE JUL 1      4.0                       1.6    2.4      0.3
  SNOW DEPTH       0

DEGREE DAYS

 COOLING
  TODAY            0                         3     -3        0
  MONTH TO DATE   24                        41    -17      120
  SINCE MAR 1     44                        59    -15      174
  SINCE JAN 1     90                        63     27      189
..................................................................


WIND (MPH)
  HIGHEST WIND SPEED    13   HIGHEST WIND DIRECTION     S (190)
  HIGHEST GUST SPEED    16   HIGHEST GUST DIRECTION    SW (220)
  AVERAGE WIND SPEED     5.9


SKY COVER
  AVERAGE SKY COVER 0.8


WEATHER CONDITIONS
 THE FOLLOWING WEATHER WAS RECORDED TODAY.
  HEAVY RAIN
  RAIN
  LIGHT RAIN
  FOG


RELATIVE HUMIDITY (PERCENT)
 HIGHEST    97          1200 AM
 LOWEST     76           300 PM
 AVERAGE    87

..........................................................


THE BIRMINGHAM CLIMATE NORMALS FOR TOMORROW
                         NORMAL    RECORD    YEAR
 MAXIMUM TEMPERATURE (F)   76        90      1925
 MINIMUM TEMPERATURE (F)   53        35      1986


SUNRISE AND SUNSET
APRIL 23 2018.........SUNRISE   607 AM CDT   SUNSET   724 PM CDT
APRIL 24 2018.........SUNRISE   606 AM CDT   SUNSET   725 PM CDT


-  INDICATES NEGATIVE NUMBERS.
R  INDICATES RECORD WAS SET OR TIED.
MM INDICATES DATA IS MISSING.
T  INDICATES TRACE AMOUNT.




$$
