000
CDUS45 KVEF 270026
CLIBIH


CLIMATE REPORT
NATIONAL WEATHER SERVICE LAS VEGAS, NV
526 PM PDT THU APR 26 2018


...................................

...THE BISHOP CA CLIMATE SUMMARY FOR APRIL 26 2018...
VALID TODAY AS OF 0500 PM LOCAL TIME.

CLIMATE NORMAL PERIOD 1981 TO 2010
CLIMATE RECORD PERIOD 1943 TO 2018


WEATHER ITEM   OBSERVED RECORD YEAR NORMAL DEPARTURE LAST
                VALUE   VALUE       VALUE  FROM      YEAR
                                           NORMAL
...........................................................
TEMPERATURE (F)
 TODAY
  MAXIMUM         89     90    2000  76     13       81
                               1996
  MINIMUM         47     21    1984  39      8       45
  AVERAGE         68

PRECIPITATION (IN)
  TODAY            0.00   0.06 1951   0.01  -0.01     0.00
                               1947
  MONTH TO DATE    0.31               0.24   0.07     0.92
  SINCE OCT 1      1.13               4.29  -3.16     8.81
  SINCE JAN 1      0.97               2.67  -1.70     8.45

SNOWFALL (IN)
  TODAY            0.0    T    1994   0.0    0.0      0.0
  MONTH TO DATE    0.0                0.1   -0.1      0.0
  SINCE MAR 1      0.0                0.6   -0.6       T
  SINCE JUL 1      0.2                8.0   -7.8      8.6
  SNOW DEPTH       0

DEGREE DAYS
 HEATING
  TODAY            0                  8     -8        2
  MONTH TO DATE  162                290   -128      243
  SINCE MAR 1    714                806    -92      652
  SINCE JUL 1   3543               4013   -470     3652

 COOLING
  TODAY            3                  0      3        0
  MONTH TO DATE   11                  0     11        0
  SINCE MAR 1     11                  0     11        0
  SINCE JAN 1     11                  0     11        0
...........................................................


WIND (MPH)
  RESULTANT WIND SPEED   2   RESULTANT WIND DIRECTION   S (190)
  HIGHEST WIND SPEED    23   HIGHEST WIND DIRECTION     S (170)
  HIGHEST GUST SPEED    28   HIGHEST GUST DIRECTION     S (180)
  AVERAGE WIND SPEED     7.0


SKY COVER
  POSSIBLE SUNSHINE  MM
  AVERAGE SKY COVER 0.0


WEATHER CONDITIONS
 THE FOLLOWING WEATHER WAS RECORDED TODAY.
  NO SIGNIFICANT WEATHER WAS OBSERVED.


RELATIVE HUMIDITY (PERCENT)
 HIGHEST    50           600 AM
 LOWEST      6          1200 PM
 AVERAGE    28

..........................................................


THE BISHOP CA CLIMATE NORMALS FOR TOMORROW
                         NORMAL    RECORD    YEAR
 MAXIMUM TEMPERATURE (F)   76        90      1949
 MINIMUM TEMPERATURE (F)   39        23      1955


SUNRISE AND SUNSET
APRIL 26 2018.........SUNRISE   604 AM PDT   SUNSET   739 PM PDT
APRIL 27 2018.........SUNRISE   603 AM PDT   SUNSET   740 PM PDT


-  INDICATES NEGATIVE NUMBERS.
R  INDICATES RECORD WAS SET OR TIED.
MM INDICATES DATA IS MISSING.
T  INDICATES TRACE AMOUNT.




$$
