000
CDUS46 KBOI 250931
CLIBKE


CLIMATE REPORT
NATIONAL WEATHER SERVICE BOISE ID
331 AM MDT WED APR 25 2018


...................................

...THE BAKER OR CLIMATE SUMMARY FOR APRIL 24 2018...

CLIMATE NORMAL PERIOD 1981 TO 2010
CLIMATE RECORD PERIOD 1928 TO 2018


WEATHER ITEM   OBSERVED TIME   RECORD YEAR NORMAL DEPARTURE LAST
                VALUE   (LST)  VALUE       VALUE  FROM      YEAR
                                                  NORMAL
..................................................................
TEMPERATURE (F)
 YESTERDAY
  MAXIMUM         69    427 PM  89    1977  60      9       52
  MINIMUM         24    316 AM  14    2002  30     -6       37
  AVERAGE         47                        45      2       45

PRECIPITATION (IN)
  YESTERDAY        0.00          0.45 1934   0.03  -0.03     0.14
  MONTH TO DATE    0.61                      0.64  -0.03     0.62
  SINCE OCT 1      3.97                      5.35  -1.38     5.96
  SINCE JAN 1      2.71                      2.84  -0.13     3.22

DEGREE DAYS
 HEATING
  YESTERDAY       18                        20     -2       20
  MONTH TO DATE  470                       532    -62      550
  SINCE MAR 1   1251                      1380   -129     1282
  SINCE JUL 1   6010                      6900   -890     7110

 COOLING
  YESTERDAY        0                         0      0        0
  MONTH TO DATE    0                         0      0        0
  SINCE MAR 1      0                         0      0        0
  SINCE JAN 1      0                         0      0        0
..................................................................


WIND (MPH)
  RESULTANT WIND SPEED   7   RESULTANT WIND DIRECTION  SE (120)
  HIGHEST WIND SPEED    20   HIGHEST WIND DIRECTION     E (110)
  HIGHEST GUST SPEED    29   HIGHEST GUST DIRECTION     E (110)
  AVERAGE WIND SPEED     8.5


SKY COVER
  AVERAGE SKY COVER 0.0


WEATHER CONDITIONS
 THE FOLLOWING WEATHER WAS RECORDED YESTERDAY.
  NO SIGNIFICANT WEATHER WAS OBSERVED.


RELATIVE HUMIDITY (PERCENT)
 HIGHEST    81           400 AM
 LOWEST     17           400 PM
 AVERAGE    49

..........................................................


THE BAKER OR CLIMATE NORMALS FOR TODAY
                         NORMAL    RECORD    YEAR
 MAXIMUM TEMPERATURE (F)   60        86      1977
 MINIMUM TEMPERATURE (F)   31        18      2009


SUNRISE AND SUNSET
APRIL 25 2018.........SUNRISE   550 AM PDT   SUNSET   749 PM PDT
APRIL 26 2018.........SUNRISE   548 AM PDT   SUNSET   750 PM PDT


-  INDICATES NEGATIVE NUMBERS.
R  INDICATES RECORD WAS SET OR TIED.
MM INDICATES DATA IS MISSING.
T  INDICATES TRACE AMOUNT.




$$
