000
CDUS41 KRLX 220720
CLIBKW


CLIMATE REPORT
NATIONAL WEATHER SERVICE CHARLESTON WV
320 AM EDT TUE MAY 22 2018


...................................

...THE BECKLEY WV CLIMATE SUMMARY FOR MAY 21 2018...

CLIMATE NORMAL PERIOD 1981 TO 2010
CLIMATE RECORD PERIOD 1963 TO 2018


WEATHER ITEM   OBSERVED TIME   RECORD YEAR NORMAL DEPARTURE LAST
                VALUE   (LST)  VALUE       VALUE  FROM      YEAR
                                                  NORMAL
..................................................................
TEMPERATURE (F)
 YESTERDAY
  MAXIMUM         81   1228 PM  90    1941  71     10       67
  MINIMUM         59    514 AM  29    1907  51      8       59
  AVERAGE         70                        61      9       63

PRECIPITATION (IN)
  YESTERDAY        0.10          1.23 1901   0.15  -0.05     0.11
  MONTH TO DATE    3.87                      3.11   0.76     4.57
  SINCE JAN 1     21.03                     15.61   5.42    18.33

SNOWFALL (IN)
  YESTERDAY        0.0           0.0  2017   0.0    0.0      0.0
  MONTH TO DATE    0.0                       0.1   -0.1      0.0
  SINCE SEP 1     54.5                      62.0   -7.5     26.0
  SNOW DEPTH       0

DEGREE DAYS
 HEATING
  YESTERDAY        0                         5     -5        2
  MONTH TO DATE   33                       150   -117      132
  SINCE MAR 1   1382                      1258    124     1048
  SINCE JUL 1   5072                      5259   -187     4182

 COOLING
  YESTERDAY        5                         1      4        0
  MONTH TO DATE   73                        15     58       29
  SINCE MAR 1     84                        25     59       60
  SINCE JAN 1     85                        25     60       60
..................................................................


WIND (MPH)
  HIGHEST WIND SPEED    16   HIGHEST WIND DIRECTION    SW (230)
  HIGHEST GUST SPEED    21   HIGHEST GUST DIRECTION    SW (230)
  AVERAGE WIND SPEED     3.2


SKY COVER
  POSSIBLE SUNSHINE  MM
  AVERAGE SKY COVER 0.4


WEATHER CONDITIONS
 THE FOLLOWING WEATHER WAS RECORDED YESTERDAY.
  RAIN
  LIGHT RAIN
  FOG


RELATIVE HUMIDITY (PERCENT)
 HIGHEST   100           200 AM
 LOWEST     48           100 PM
 AVERAGE    74

..........................................................


THE BECKLEY WV CLIMATE NORMALS FOR TODAY
                         NORMAL    RECORD    YEAR
 MAXIMUM TEMPERATURE (F)   71        92      1941
 MINIMUM TEMPERATURE (F)   51        27      2002


SUNRISE AND SUNSET
MAY 22 2018...........SUNRISE   609 AM EDT   SUNSET   833 PM EDT
MAY 23 2018...........SUNRISE   609 AM EDT   SUNSET   834 PM EDT


-  INDICATES NEGATIVE NUMBERS.
R  INDICATES RECORD WAS SET OR TIED.
MM INDICATES DATA IS MISSING.
T  INDICATES TRACE AMOUNT.




$$
