000
CDUS41 KRNK 232108
CLIBLF


CLIMATE REPORT
NATIONAL WEATHER SERVICE BLACKSBURG VA
508 PM EDT WED MAY 23 2018


...................................

...THE BLUEFIELD WV CLIMATE SUMMARY FOR MAY 23 2018...
VALID TODAY AS OF 0500 PM LOCAL TIME.

CLIMATE NORMAL PERIOD 1981 TO 2010
CLIMATE RECORD PERIOD 1959 TO 2018


WEATHER ITEM   OBSERVED TIME   RECORD YEAR NORMAL DEPARTURE LAST
                VALUE   (LST)  VALUE       VALUE  FROM      YEAR
                                                  NORMAL
..................................................................
TEMPERATURE (F)
 TODAY
  MAXIMUM         75    404 PM  83    2004  73      2       58
                                      1988
  MINIMUM         60    457 AM  35    1963  55      5       52
  AVERAGE         68                        64      4       55

PRECIPITATION (IN)
  TODAY            0.00          1.30 1973   0.15  -0.15     0.99
  MONTH TO DATE    4.42                      3.11   1.31     5.40
  SINCE MAR 1     12.50                      9.96   2.54    13.61
  SINCE JAN 1     19.18                     15.62   3.56    19.42

SNOWFALL (IN)
  TODAY            0.0                                       0.0
  MONTH TO DATE    0.0                                       0.0
  SINCE MAR 1     33.8                                       3.3
  SINCE JUL 1     48.5                                      20.5
  SNOW DEPTH       0

DEGREE DAYS
 HEATING
  TODAY            0                         3     -3       10
  MONTH TO DATE   38                       115    -77      159
  SINCE MAR 1   1391                      1052    339     1101
  SINCE JUL 1   5121                      4545    576     4233

 COOLING
  TODAY            3                         3      0        0
  MONTH TO DATE   59                        38     21       28
  SINCE MAR 1     63                        66     -3       50
  SINCE JAN 1     65                        66     -1       50
..................................................................


WIND (MPH)
  HIGHEST WIND SPEED    12   HIGHEST WIND DIRECTION     N (350)
  HIGHEST GUST SPEED    18   HIGHEST GUST DIRECTION     N (10)
  AVERAGE WIND SPEED     6.3


SKY COVER
  AVERAGE SKY COVER 0.8


WEATHER CONDITIONS
 THE FOLLOWING WEATHER WAS RECORDED TODAY.
  FOG


RELATIVE HUMIDITY (PERCENT)
 HIGHEST   100          1200 AM
 LOWEST     64           200 PM
 AVERAGE    82

..........................................................


THE BLUEFIELD WV CLIMATE NORMALS FOR TOMORROW
                         NORMAL    RECORD    YEAR
 MAXIMUM TEMPERATURE (F)   74        83      1991
 MINIMUM TEMPERATURE (F)   55        40      1963


SUNRISE AND SUNSET
MAY 23 2018...........SUNRISE   610 AM EDT   SUNSET   833 PM EDT
MAY 24 2018...........SUNRISE   610 AM EDT   SUNSET   834 PM EDT


-  INDICATES NEGATIVE NUMBERS.
R  INDICATES RECORD WAS SET OR TIED.
MM INDICATES DATA IS MISSING.
T  INDICATES TRACE AMOUNT.




$$
