000
CDUS44 KOHX 200023
CLIBNA


CLIMATE REPORT
NATIONAL WEATHER SERVICE NASHVILLE TN
722 PM CDT THU APR 19 2018


...................................

...THE NASHVILLE CLIMATE SUMMARY FOR APRIL 19 2018...
VALID TODAY AS OF 0500 PM LOCAL TIME.

CLIMATE NORMAL PERIOD 1981 TO 2010
CLIMATE RECORD PERIOD 1871 TO 2018


WEATHER ITEM   OBSERVED TIME   RECORD YEAR NORMAL DEPARTURE
                VALUE   (LST)  VALUE       VALUE  FROM
                                                  NORMAL
...............................................................
TEMPERATURE (F)
 TODAY
  MAXIMUM         54    347 PM  88    2006  72    -18
  MINIMUM         42    734 AM  27    1983  49     -7
  AVERAGE         48                        60    -12

PRECIPITATION (IN)
  TODAY            0.00          1.80 1981   0.14  -0.14
                                      1970
  MONTH TO DATE    3.02                      2.34   0.68
  SINCE JAN 1     20.39                     14.14   6.25

SNOWFALL (IN)
  TODAY            0.0           0.0  2002
                                      2001
  MONTH TO DATE    0.0
  SINCE MAR 1      0.6
  SINCE JUL 1      3.0

DEGREE DAYS
 HEATING
  TODAY           17                               11
  MONTH TO DATE  229                               65
  SINCE MAR 1    673                               36
  SINCE JUL 1   3320                             -255

 COOLING
  TODAY            0                               -1
  MONTH TO DATE   11                               -8
  SINCE MAR 1     13                              -14
  SINCE JAN 1     34                                7
...............................................................


WIND (MPH)
  HIGHEST WIND SPEED    20   HIGHEST WIND DIRECTION     N (340)
  HIGHEST GUST SPEED    29   HIGHEST GUST DIRECTION    NE (30)
  AVERAGE WIND SPEED    12.5




RELATIVE HUMIDITY (PERCENT)
 HIGHEST    66
 LOWEST     41
 AVERAGE    54

..........................................................


THE NASHVILLE CLIMATE NORMALS FOR TOMORROW
                         NORMAL    RECORD    YEAR
 MAXIMUM TEMPERATURE (F)   72        87      2002
                                             1971
                                             1964
 MINIMUM TEMPERATURE (F)   49        26      1983


SUNRISE AND SUNSET
APRIL 19 2018.........SUNRISE   608 AM CDT   SUNSET   724 PM CDT
APRIL 20 2018.........SUNRISE   607 AM CDT   SUNSET   725 PM CDT


-  INDICATES NEGATIVE NUMBERS.
R  INDICATES RECORD WAS SET OR TIED.
MM INDICATES DATA IS MISSING.
T  INDICATES TRACE AMOUNT.




$$
