000
CDUS45 KBOI 230931
CLIBNO


CLIMATE REPORT
NATIONAL WEATHER SERVICE BOISE ID
331 AM MDT SAT JUN 23 2018


...................................

...THE BURNS OR CLIMATE SUMMARY FOR JUNE 22 2018...

CLIMATE NORMAL PERIOD 1981 TO 2010
CLIMATE RECORD PERIOD 1938 TO 2018


WEATHER ITEM   OBSERVED TIME   RECORD YEAR NORMAL DEPARTURE LAST
                VALUE   (LST)  VALUE       VALUE  FROM      YEAR
                                                  NORMAL
..................................................................
TEMPERATURE (F)
 YESTERDAY
  MAXIMUM         83    221 PM  98    1961  77      6       82
  MINIMUM         46    347 AM  27    2003  43      3       38
                                      1997
  AVERAGE         65                        60      5       60

PRECIPITATION (IN)
  YESTERDAY        0.00          0.16 1946   0.02  -0.02     0.00
  MONTH TO DATE    0.75                      0.63   0.12     0.10
  SINCE OCT 1      7.85                      9.59  -1.74    11.85
  SINCE JAN 1      5.19                      6.09  -0.90     8.34

DEGREE DAYS
 HEATING
  YESTERDAY        0                         6     -6        5
  MONTH TO DATE  160                       181    -21      163
  SINCE JUN 1    160                       181    -21      163
  SINCE JUL 1   7239                      7651   -412     7945

 COOLING
  YESTERDAY        0                         1     -1        0
  MONTH TO DATE    0                         8     -8       17
  SINCE JUN 1      0                         8     -8       17
  SINCE JAN 1      0                        11    -11       18
..................................................................


WIND (MPH)
  HIGHEST WIND SPEED    22   HIGHEST WIND DIRECTION     W (280)
  HIGHEST GUST SPEED    27   HIGHEST GUST DIRECTION     W (280)
  AVERAGE WIND SPEED     9.3


SKY COVER
  POSSIBLE SUNSHINE  MM
  AVERAGE SKY COVER 0.0


WEATHER CONDITIONS
 THE FOLLOWING WEATHER WAS RECORDED YESTERDAY.
  NO SIGNIFICANT WEATHER WAS OBSERVED.


RELATIVE HUMIDITY (PERCENT)
 HIGHEST    93           300 AM
 LOWEST     14           200 PM
 AVERAGE    54

..........................................................


THE BURNS OR CLIMATE NORMALS FOR TODAY
                         NORMAL    RECORD    YEAR
 MAXIMUM TEMPERATURE (F)   78        98      1992
 MINIMUM TEMPERATURE (F)   43        29      1993


SUNRISE AND SUNSET
JUNE 23 2018..........SUNRISE   515 AM PDT   SUNSET   841 PM PDT
JUNE 24 2018..........SUNRISE   515 AM PDT   SUNSET   841 PM PDT


-  INDICATES NEGATIVE NUMBERS.
R  INDICATES RECORD WAS SET OR TIED.
MM INDICATES DATA IS MISSING.
T  INDICATES TRACE AMOUNT.




$$
