000
CDUS44 KLCH 232245
CLIBPT


CLIMATE REPORT
NATIONAL WEATHER SERVICE LAKE CHARLES, LA
545 PM CDT MON APR 23 2018


...................................

...THE BEAUMONT PORT ARTHUR CLIMATE SUMMARY FOR APRIL 23 2018...
VALID TODAY AS OF 0500 PM LOCAL TIME.

CLIMATE NORMAL PERIOD 1981 TO 2010
CLIMATE RECORD PERIOD 1901 TO 2018


WEATHER ITEM   OBSERVED TIME   RECORD YEAR NORMAL DEPARTURE LAST
                VALUE   (LST)  VALUE       VALUE  FROM      YEAR
                                                  NORMAL
..................................................................
TEMPERATURE (F)
 TODAY
  MAXIMUM         79    317 PM  91    1919  80     -1       75
  MINIMUM         49    601 AM  45    1927  61    -12       53
  AVERAGE         64                        70     -6       64

PRECIPITATION (IN)
  TODAY            0.00          2.35 1952   0.11  -0.11     0.00
  MONTH TO DATE    3.09                      2.34   0.75     1.50
  SINCE MAR 1      4.81                      5.87  -1.06    10.36
  SINCE JAN 1     18.74                     14.71   4.03    12.41

SNOWFALL (IN)
  TODAY            0.0           0.0    MM   0.0    0.0      0.0
  MONTH TO DATE    0.0                       0.0    0.0      0.0
  SINCE MAR 1      0.0                       0.0    0.0      0.0
  SINCE JUL 1      3.1                       T      3.1      0.0
  SNOW DEPTH       0

DEGREE DAYS
 HEATING
  TODAY            1                         1      0        1
  MONTH TO DATE   63                        38     25        5
  SINCE MAR 1    138                       186    -48       59
  SINCE JUL 1   1253                      1399   -146      614

 COOLING
  TODAY            0                         6     -6        0
  MONTH TO DATE   63                        99    -36      178
  SINCE MAR 1    171                       154     17      331
  SINCE JAN 1    276                       180     96      525
..................................................................


WIND (MPH)
  HIGHEST WIND SPEED    17   HIGHEST WIND DIRECTION     W (260)
  HIGHEST GUST SPEED    24   HIGHEST GUST DIRECTION     W (260)
  AVERAGE WIND SPEED     8.1


SKY COVER
  POSSIBLE SUNSHINE  MM
  AVERAGE SKY COVER 0.0


WEATHER CONDITIONS
 THE FOLLOWING WEATHER WAS RECORDED TODAY.
  NO SIGNIFICANT WEATHER WAS OBSERVED.


RELATIVE HUMIDITY (PERCENT)
 HIGHEST   100           500 AM
 LOWEST     40           200 PM
 AVERAGE    70

..........................................................


THE BEAUMONT PORT ARTHUR CLIMATE NORMALS FOR TOMORROW
                         NORMAL    RECORD    YEAR
 MAXIMUM TEMPERATURE (F)   80        90      1905
                                             1902
 MINIMUM TEMPERATURE (F)   61        47      1995


SUNRISE AND SUNSET
APRIL 23 2018.........SUNRISE   641 AM CDT   SUNSET   748 PM CDT
APRIL 24 2018.........SUNRISE   640 AM CDT   SUNSET   749 PM CDT


-  INDICATES NEGATIVE NUMBERS.
R  INDICATES RECORD WAS SET OR TIED.
MM INDICATES DATA IS MISSING.
T  INDICATES TRACE AMOUNT.




$$
