000
CDAK49 PAFG 270944
CLIBRW

CLIMATE REPORT
NATIONAL WEATHER SERVICE FAIRBANKS AK
144 AM AKDT SUN MAY 27 2018


...................................

...THE BARROW AK CLIMATE SUMMARY FOR MAY 26 2018...

CLIMATE NORMAL PERIOD 1981 TO 2010
CLIMATE RECORD PERIOD 1920 TO 2018


WEATHER ITEM   OBSERVED TIME   RECORD YEAR NORMAL DEPARTURE LAST
                VALUE   (LST)  VALUE       VALUE  FROM      YEAR
                                                  NORMAL
..................................................................
TEMPERATURE (F)
 YESTERDAY
  MAXIMUM         MM        MM  41    1990  31     MM       35
  MINIMUM         MM        MM   5    2001  23     MM       23
  AVERAGE         MM                        27     MM       29

PRECIPITATION (IN)
  YESTERDAY        0.01          0.14 2017   0.01   0.00     0.14
  MONTH TO DATE    0.11                      0.14  -0.03     0.78
  SINCE MAR 1      0.71                      0.39   0.32     1.08
  SINCE JAN 1      1.11                      0.66   0.45     1.95

SNOWFALL (IN)
  YESTERDAY        T             1.6  1945   0.0    0.0      1.4
  MONTH TO DATE    1.0                       2.3   -1.3      8.8
  SINCE MAR 1      7.7                       7.6    0.1     11.8
  SINCE JUL 1     34.9                      36.6   -1.7     38.7
  SNOW DEPTH       6

DEGREE DAYS
 HEATING
  YESTERDAY       MM                        38     MM       36
  MONTH TO DATE 1059                      1176   -117     1078
  SINCE MAR 1   4843                      5479   -636     5057
  SINCE JUL 1  15446                     18336  -2890    16019

 COOLING
  YESTERDAY       MM                         0     MM        0
  MONTH TO DATE    0                         0      0        0
  SINCE MAR 1      0                         0      0        0
  SINCE JAN 1      0                         0      0        0
..................................................................


WIND (MPH)
  HIGHEST GUST SPEED    MM   HIGHEST GUST DIRECTION    MM


SKY COVER
  AVERAGE SKY COVER 0.8


WEATHER CONDITIONS
 THE FOLLOWING WEATHER WAS RECORDED YESTERDAY.
  HEAVY SNOW
  LIGHT SNOW
  FOG
  HAZE


RELATIVE HUMIDITY (PERCENT)
 HIGHEST   100
 LOWEST     81
 AVERAGE    91

..........................................................


THE BARROW AK CLIMATE NORMALS FOR TODAY
                         NORMAL    RECORD    YEAR
 MAXIMUM TEMPERATURE (F)   31        43      1989
 MINIMUM TEMPERATURE (F)   23         2      1926


SUNRISE AND SUNSET
MAY 27 2018...........SUN ABOVE VISIBLE HORIZON.
MAY 28 2018...........SUN ABOVE VISIBLE HORIZON.

-  INDICATES NEGATIVE NUMBERS.
R  INDICATES RECORD WAS SET OR TIED.
MM INDICATES DATA IS MISSING.
T  INDICATES TRACE AMOUNT.

&&

SNOW DEPTH IS MEASURED AT 3AM AKST/4AM AKDT.

----------------------------
AVAILABLE DAYLIGHT

AMOUNT OF DAYLIGHT TODAY  (HOUR:MIN)........24:00
GAIN/LOSS SINCE YESTERDAY (HOUR:MIN:SEC)....+0:00:00

$$
HFL MAY 18
