357
CDUS41 KBTV 240547
CLIBTV

CLIMATE REPORT
NATIONAL WEATHER SERVICE BURLINGTON VT
146 AM EDT TUE APR 24 2018

...................................

...THE BURLINGTON VT CLIMATE SUMMARY FOR APRIL 23 2018...

CLIMATE NORMAL PERIOD 1981 TO 2010
CLIMATE RECORD PERIOD 1884 TO 2018


WEATHER ITEM   OBSERVED TIME   RECORD YEAR NORMAL DEPARTURE LAST
                VALUE   (LST)  VALUE       VALUE  FROM      YEAR
                                                  NORMAL
..................................................................
TEMPERATURE (F)
 YESTERDAY
  MAXIMUM         67    529 PM  85    1885  59      8       67
  MINIMUM         30    518 AM  23    1930  38     -8       36
  AVERAGE         49                        48      1       52

PRECIPITATION (IN)
  YESTERDAY        0.00          1.08 2012   0.09  -0.09     0.00
  MONTH TO DATE    2.74                      2.12   0.62     3.62
  SINCE MAR 1      5.37                      4.34   1.03     6.89
  SINCE JAN 1      9.31                      8.16   1.15    11.56

SNOWFALL (IN)
  YESTERDAY        0.0           4.9  1993   0.1   -0.1      0.0
  MONTH TO DATE    4.2                       4.1    0.1      4.4
  SINCE MAR 1     34.3                      19.9   14.4     41.2
  SINCE JUL 1     88.7                      80.7    8.0    100.4
  SNOW DEPTH       0

DEGREE DAYS
 HEATING
  YESTERDAY       16                        17     -1       13
  MONTH TO DATE  623                       503    120      400
  SINCE MAR 1   1662                      1557    105     1557
  SINCE JUL 1   6459                      6967   -508     5935

 COOLING
  YESTERDAY        0                         0      0        0
  MONTH TO DATE    0                         0      0        6
  SINCE MAR 1      0                         0      0        6
  SINCE JAN 1      0                         0      0        6
..................................................................


WIND (MPH)
  HIGHEST WIND SPEED    12   HIGHEST WIND DIRECTION     S (160)
  HIGHEST GUST SPEED    16   HIGHEST GUST DIRECTION     W (270)
  AVERAGE WIND SPEED     4.9


SKY COVER
  POSSIBLE SUNSHINE  MM
  AVERAGE SKY COVER 0.2


WEATHER CONDITIONS
 THE FOLLOWING WEATHER WAS RECORDED YESTERDAY.
  NO SIGNIFICANT WEATHER WAS OBSERVED.


RELATIVE HUMIDITY (PERCENT)
 HIGHEST    78           500 AM
 LOWEST      9           500 PM
 AVERAGE    44

..........................................................


THE BURLINGTON VT CLIMATE NORMALS FOR TODAY
                         NORMAL    RECORD    YEAR
 MAXIMUM TEMPERATURE (F)   59        80      2001
 MINIMUM TEMPERATURE (F)   38        23      1930


SUNRISE AND SUNSET
APRIL 24 2018.........SUNRISE   554 AM EDT   SUNSET   748 PM EDT
APRIL 25 2018.........SUNRISE   552 AM EDT   SUNSET   750 PM EDT


-  INDICATES NEGATIVE NUMBERS.
R  INDICATES RECORD WAS SET OR TIED.
MM INDICATES DATA IS MISSING.
T  INDICATES TRACE AMOUNT.

&&

LAKE CHAMPLAIN DATA:
LEVEL...............98.14 FEET
TEMPERATURE.........38 DEGREES

MOUNT MANSFIELD DATA:
HIGH................51 DEGREES
LOW.................31 DEGREES
PRECIPITATION.......0.00 INCHES
SNOW AT STAKE.......98 INCHES

$$
