000
CDUS46 KLOX 270904
CLIBUR


CLIMATE REPORT
NATIONAL WEATHER SERVICE LOS ANGELES/OXNARD CA
204 AM PDT SUN MAY 27 2018


...................................

...THE BOB HOPE AIRPORT (BURBANK) CA CLIMATE SUMMARY FOR MAY 26 2018...

CLIMATE NORMAL PERIOD 1981 TO 2010
CLIMATE RECORD PERIOD 1939 TO 2018


WEATHER ITEM   OBSERVED TIME   RECORD YEAR NORMAL DEPARTURE LAST
                VALUE   (LST)  VALUE       VALUE  FROM      YEAR
                                                  NORMAL
..................................................................
TEMPERATURE (F)
 YESTERDAY
  MAXIMUM         69    203 PM 100    1974  77     -8       70
  MINIMUM         53    517 AM  42    1977  56     -3       58
  AVERAGE         61                        66     -5       64

PRECIPITATION (IN)
  YESTERDAY        0.00          0.01 1985   0.01  -0.01     0.00
  MONTH TO DATE    0.07                      0.32  -0.25     0.13
  SINCE OCT 1      6.30                     16.85 -10.55    13.83
  SINCE JAN 1      6.22                     12.41  -6.19     9.57

SNOWFALL (IN)
  YESTERDAY        0.0
  MONTH TO DATE    0.0
  SINCE MAR 1      0.0
  SINCE JUL 1      0.0

DEGREE DAYS
 HEATING
  YESTERDAY        4                         1      3        1
  MONTH TO DATE   60                        52      8       58
  SINCE MAR 1    321                       408    -87      184
  SINCE JUL 1    827                      1549   -722     1177

 COOLING
  YESTERDAY        0                         3     -3        0
  MONTH TO DATE   47                        55     -8       90
  SINCE MAR 1    107                       100      7      237
  SINCE JAN 1    141                       106     35      238
..................................................................


WIND (MPH)
  HIGHEST WIND SPEED    14   HIGHEST WIND DIRECTION    SW (220)
  HIGHEST GUST SPEED    19   HIGHEST GUST DIRECTION    SE (140)
  AVERAGE WIND SPEED     6.8


SKY COVER
  POSSIBLE SUNSHINE  MM
  AVERAGE SKY COVER 0.2


WEATHER CONDITIONS
 THE FOLLOWING WEATHER WAS RECORDED YESTERDAY.
  NO SIGNIFICANT WEATHER WAS OBSERVED.


RELATIVE HUMIDITY (PERCENT)
 HIGHEST    93           300 AM
 LOWEST     52           400 PM
 AVERAGE    73

..........................................................


THE BOB HOPE AIRPORT (BURBANK) CA CLIMATE NORMALS FOR TODAY
                         NORMAL    RECORD    YEAR
 MAXIMUM TEMPERATURE (F)   77       100      1973
 MINIMUM TEMPERATURE (F)   56        46      1946


SUNRISE AND SUNSET
MAY 27 2018...........SUNRISE   545 AM PDT   SUNSET   757 PM PDT
MAY 28 2018...........SUNRISE   544 AM PDT   SUNSET   758 PM PDT


-  INDICATES NEGATIVE NUMBERS.
R  INDICATES RECORD WAS SET OR TIED.
MM INDICATES DATA IS MISSING.
T  INDICATES TRACE AMOUNT.




$$
