027
CDUS41 KLWX 250529
CLIBWI


CLIMATE REPORT
NATIONAL WEATHER SERVICE BALTIMORE MD/WASHINGTON DC
127 AM EDT WED APR 25 2018


...................................

...THE BALTIMORE MD CLIMATE SUMMARY FOR APRIL 24 2018...

CLIMATE NORMAL PERIOD 1981 TO 2010
CLIMATE RECORD PERIOD 1871 TO 2018


WEATHER ITEM   OBSERVED TIME   RECORD YEAR NORMAL DEPARTURE LAST
                VALUE   (LST)  VALUE       VALUE  FROM      YEAR
                                                  NORMAL
..................................................................
TEMPERATURE (F)
 YESTERDAY
  MAXIMUM         64    148 PM  93    1960  68     -4       59
  MINIMUM         50    432 AM  32    2003  45      5       51
  AVERAGE         57                        56      1       55

PRECIPITATION (IN)
  YESTERDAY        0.47          1.18 1910   0.10   0.37     0.12
  MONTH TO DATE    2.12                      2.56  -0.44     2.97
  SINCE MAR 1      4.37                      6.46  -2.09     6.79
  SINCE JAN 1     10.67                     12.41  -1.74    10.94

SNOWFALL (IN)
  YESTERDAY        0.0           T    1930   0.0    0.0
  MONTH TO DATE    0.0                       0.0    0.0
  SINCE JUL 1     15.4                      20.1   -4.7
  SNOW DEPTH       0

DEGREE DAYS
 HEATING
  YESTERDAY        8                         9     -1       10
  MONTH TO DATE  348                       304     44      168
  SINCE MAR 1   1108                       970    138      815
  SINCE JUL 1   4420                      4565   -145     3706

 COOLING
  YESTERDAY        0                         1     -1        0
  MONTH TO DATE   21                         6     15       23
  SINCE MAR 1     21                         7     14       23
  SINCE JAN 1     22                         7     15       23
..................................................................


WIND (MPH)
  HIGHEST WIND SPEED    24   HIGHEST WIND DIRECTION     E (110)
  HIGHEST GUST SPEED    30   HIGHEST GUST DIRECTION    SE (120)
  AVERAGE WIND SPEED    12.7


SKY COVER
  POSSIBLE SUNSHINE  MM
  AVERAGE SKY COVER 1.0


WEATHER CONDITIONS
 THE FOLLOWING WEATHER WAS RECORDED YESTERDAY.
  HEAVY RAIN
  RAIN
  LIGHT RAIN
  FOG


RELATIVE HUMIDITY (PERCENT)
 HIGHEST   100           700 PM
 LOWEST     50          1200 AM
 AVERAGE    75

..........................................................


THE BALTIMORE MD CLIMATE NORMALS FOR TODAY
                         NORMAL    RECORD    YEAR
 MAXIMUM TEMPERATURE (F)   68        94      1960
 MINIMUM TEMPERATURE (F)   46        30      1956


SUNRISE AND SUNSET
APRIL 25 2018.........SUNRISE   616 AM EDT   SUNSET   754 PM EDT
APRIL 26 2018.........SUNRISE   615 AM EDT   SUNSET   755 PM EDT


-  INDICATES NEGATIVE NUMBERS.
R  INDICATES RECORD WAS SET OR TIED.
MM INDICATES DATA IS MISSING.
T  INDICATES TRACE AMOUNT.




$$
