697
CDUS45 KRIW 270028
CLIBYG


CLIMATE REPORT
NATIONAL WEATHER SERVICE RIVERTON WY
628 PM MDT THU APR 26 2018


...................................

...THE BUFFALO WY CLIMATE SUMMARY FOR APRIL 26 2018...
VALID TODAY AS OF 0500 PM LOCAL TIME.

CLIMATE NORMAL PERIOD 1981 TO 2010
CLIMATE RECORD PERIOD 1998 TO 2018


WEATHER ITEM   OBSERVED TIME   RECORD YEAR NORMAL DEPARTURE LAST
                VALUE   (LST)  VALUE       VALUE  FROM      YEAR
                                                  NORMAL
..................................................................
TEMPERATURE (F)
 TODAY
  MAXIMUM         64        MM  81    2012  57      7       41
  MINIMUM         37        MM  26    2008  36      1       29
                                      2002
  AVERAGE         51

PRECIPITATION (IN)
  TODAY            T             0.43 2015   0.07  -0.07     0.00
  MONTH TO DATE    0.47                      0.96  -0.49     2.52
  SINCE MAR 1      1.40                      1.88  -0.48     4.54
  SINCE JAN 1      1.74                      2.65  -0.91     4.97

DEGREE DAYS
 HEATING
  TODAY           14                        18     -4       30
  MONTH TO DATE  638                       583     55      447
  SINCE MAR 1   1564                      1533     31     1137
  SINCE JUL 1   6708                      6773    -65     5979

 COOLING
  TODAY            0                         0      0        0
  MONTH TO DATE    0                         0      0        0
  SINCE MAR 1      0                         0      0        0
  SINCE JAN 1      0                         0      0        0
..................................................................


WIND (MPH)
  HIGHEST WIND SPEED    25   HIGHEST WIND DIRECTION    NW (330)
  HIGHEST GUST SPEED    33   HIGHEST GUST DIRECTION    NW (330)
  AVERAGE WIND SPEED     9.3


SKY COVER
  POSSIBLE SUNSHINE  MM
  AVERAGE SKY COVER 0.3


WEATHER CONDITIONS
 THE FOLLOWING WEATHER WAS RECORDED TODAY.
  NO SIGNIFICANT WEATHER WAS OBSERVED.


RELATIVE HUMIDITY (PERCENT)
 HIGHEST    76           500 AM
 LOWEST     26           400 PM
 AVERAGE    51

..........................................................


THE BUFFALO WY CLIMATE NORMALS FOR TOMORROW
                         NORMAL    RECORD    YEAR
 MAXIMUM TEMPERATURE (F)   58        79      2001
 MINIMUM TEMPERATURE (F)   36        21      2005


SUNRISE AND SUNSET
APRIL 26 2018.........SUNRISE   605 AM MDT   SUNSET   805 PM MDT
APRIL 27 2018.........SUNRISE   603 AM MDT   SUNSET   806 PM MDT


-  INDICATES NEGATIVE NUMBERS.
R  INDICATES RECORD WAS SET OR TIED.
MM INDICATES DATA IS MISSING.
T  INDICATES TRACE AMOUNT.




$$
