000
CDUS42 KCAE 200524
CLICAE


CLIMATE REPORT
NATIONAL WEATHER SERVICE COLUMBIA SC
124 AM EDT FRI APR 20 2018


...................................

...THE COLUMBIA METRO AIRPORT SC CLIMATE SUMMARY FOR APRIL 19 2018...

CLIMATE NORMAL PERIOD 1981 TO 2010
CLIMATE RECORD PERIOD 1887 TO 2018


WEATHER ITEM   OBSERVED TIME   RECORD YEAR NORMAL DEPARTURE LAST
                VALUE   (LST)  VALUE       VALUE  FROM      YEAR
                                                  NORMAL
..................................................................
TEMPERATURE (F)
 YESTERDAY
  MAXIMUM         82    231 PM  94    1896  77      5       81
  MINIMUM         55   1159 PM  29    1983  51      4       65
  AVERAGE         69                        64      5       73

PRECIPITATION (IN)
  YESTERDAY        0.00          1.74 1901   0.09  -0.09      T
  MONTH TO DATE    1.12                      1.66  -0.54     3.61
  SINCE MAR 1      4.09                      5.39  -1.30     5.99
  SINCE JAN 1      8.12                     12.58  -4.46    14.63

SNOWFALL (IN)
  YESTERDAY        0.0          MM      MM   0.0             0.0
  MONTH TO DATE    0.0                       0.0             0.0
  SINCE MAR 1      0.0                       0.1              T
  SINCE JUL 1      T                         1.5             0.1

DEGREE DAYS
 HEATING
  YESTERDAY        0                         3     -3        0
  MONTH TO DATE   92                        94     -2       34
  SINCE MAR 1    431                       404     27      308
  SINCE JUL 1   2155                      2503   -348     1649

 COOLING
  YESTERDAY        4                         3      1        8
  MONTH TO DATE   36                        36      0       76
  SINCE MAR 1     48                        54     -6      125
  SINCE JAN 1    108                        58     50      143
..................................................................


WIND (MPH)
  HIGHEST WIND SPEED    31   HIGHEST WIND DIRECTION     W (270)
  HIGHEST GUST SPEED    39   HIGHEST GUST DIRECTION     W (270)
  AVERAGE WIND SPEED    14.4


SKY COVER
  AVERAGE SKY COVER 0.1


WEATHER CONDITIONS
 THE FOLLOWING WEATHER WAS RECORDED YESTERDAY.
  NO SIGNIFICANT WEATHER WAS OBSERVED.


RELATIVE HUMIDITY (PERCENT)
 HIGHEST    78           700 AM
 LOWEST     21           300 PM
 AVERAGE    50

..........................................................


THE COLUMBIA METRO AIRPORT SC CLIMATE NORMALS FOR TODAY
                         NORMAL    RECORD    YEAR
 MAXIMUM TEMPERATURE (F)   77        93      1994
                                             1925
 MINIMUM TEMPERATURE (F)   52        26      1983


SUNRISE AND SUNSET
APRIL 20 2018.........SUNRISE   648 AM EDT   SUNSET   800 PM EDT
APRIL 21 2018.........SUNRISE   646 AM EDT   SUNSET   800 PM EDT


-  INDICATES NEGATIVE NUMBERS.
R  INDICATES RECORD WAS SET OR TIED.
MM INDICATES DATA IS MISSING.
T  INDICATES TRACE AMOUNT.




$$
