000
CDUS45 KABQ 260843
CLICAO


CLIMATE REPORT
NATIONAL WEATHER SERVICE ALBUQUERQUE NM
242 AM MDT SAT MAY 26 2018


...................................

...THE CLAYTON  NM CLIMATE SUMMARY FOR MAY 25 2018...

CLIMATE NORMAL PERIOD 1981 TO 2010
CLIMATE RECORD PERIOD 1896 TO 2018


WEATHER ITEM   OBSERVED TIME   RECORD YEAR NORMAL DEPARTURE
                VALUE   (LST)  VALUE       VALUE  FROM
                                                  NORMAL
...............................................................
TEMPERATURE (F)
 YESTERDAY
  MAXIMUM         90    140 PM  96    2006  78     12
  MINIMUM         56    455 AM  28    1924  50      6
  AVERAGE         73                        64      9

PRECIPITATION (IN)
  YESTERDAY        0.00          0.81 1948   0.08  -0.08
  MONTH TO DATE    1.43                      1.46  -0.03
  SINCE MAR 1      2.51                      3.35  -0.84
  SINCE JAN 1      2.54                      3.97  -1.43

SNOWFALL (IN)
  YESTERDAY        0.0
  MONTH TO DATE    0.0
  SINCE MAR 1      T
  SINCE JUL 1      0.8

DEGREE DAYS
 HEATING
  YESTERDAY        0                         3     -3
  MONTH TO DATE   48                       139    -91
  SINCE MAR 1   1064                      1168   -104
  SINCE JUL 1   4444                      4845   -401

 COOLING
  YESTERDAY        8                         2      6
  MONTH TO DATE   77                        31     46
  SINCE MAR 1     85                        37     48
  SINCE JAN 1     85                        37     48
...............................................................


WIND (MPH)
  HIGHEST WIND SPEED    22   HIGHEST WIND DIRECTION    NW (310)
  HIGHEST GUST SPEED    26   HIGHEST GUST DIRECTION    NW (300)
  AVERAGE WIND SPEED    10.5


SKY COVER
  AVERAGE SKY COVER 0.0


WEATHER CONDITIONS
 THE FOLLOWING WEATHER WAS RECORDED YESTERDAY.
  NO SIGNIFICANT WEATHER WAS OBSERVED.


RELATIVE HUMIDITY (PERCENT)
 HIGHEST    67          1100 PM
 LOWEST     16           200 PM
 AVERAGE    42

..........................................................


THE CLAYTON  NM CLIMATE NORMALS FOR TODAY
                         NORMAL    RECORD    YEAR
 MAXIMUM TEMPERATURE (F)   78        96      2006
 MINIMUM TEMPERATURE (F)   50        35      1950
                                             1917


SUNRISE AND SUNSET
MAY 26 2018...........SUNRISE   539 AM MDT   SUNSET   801 PM MDT
MAY 27 2018...........SUNRISE   538 AM MDT   SUNSET   802 PM MDT


-  INDICATES NEGATIVE NUMBERS.
R  INDICATES RECORD WAS SET OR TIED.
MM INDICATES DATA IS MISSING.
T  INDICATES TRACE AMOUNT.




$$
