000
CDUS41 KCAR 250548
CLICAR


CLIMATE REPORT
NATIONAL WEATHER SERVICE CARIBOU, ME
147 AM EDT WED APR 25 2018


...................................

...THE CARIBOU ME CLIMATE SUMMARY FOR APRIL 24 2018...

CLIMATE NORMAL PERIOD 1981 TO 2010
CLIMATE RECORD PERIOD 1939 TO 2018


WEATHER ITEM   OBSERVED TIME   RECORD YEAR NORMAL DEPARTURE LAST
                VALUE   (LST)  VALUE       VALUE  FROM      YEAR
                                                  NORMAL
..................................................................
TEMPERATURE (F)
 YESTERDAY
  MAXIMUM         66    233 PM  80    1942  53     13       47
  MINIMUM         32    506 AM  20    2004  33     -1       28
  AVERAGE         49                        43      6       38

PRECIPITATION (IN)
  YESTERDAY        0.00          1.28 1970   0.08  -0.08     0.00
  MONTH TO DATE    2.37                      2.12   0.25     3.15
  SINCE MAR 1      5.07                      4.63   0.44     5.87
  SINCE JAN 1     12.57                      9.55   3.02    11.49

SNOWFALL (IN)
  YESTERDAY        0.0           3.3  2014   0.1   -0.1      0.0
  MONTH TO DATE    8.8                       6.9    1.9      9.4
  SINCE MAR 1     34.9                      25.2    9.7     33.0
  SINCE JUL 1    137.2                     107.7   29.5    129.6
  SNOW DEPTH       3

DEGREE DAYS
 HEATING
  YESTERDAY       16                        22     -6       27
  MONTH TO DATE  775                       672    103      616
  SINCE MAR 1   1892                      1926    -34     1999
  SINCE JUL 1   8095                      8647   -552     7980

 COOLING
  YESTERDAY        0                         0      0        0
  MONTH TO DATE    0                         0      0        0
  SINCE MAR 1      0                         0      0        0
  SINCE JAN 1      0                         0      0        0
..................................................................


WIND (MPH)
  HIGHEST WIND SPEED    18   HIGHEST WIND DIRECTION     W (250)
  HIGHEST GUST SPEED    23   HIGHEST GUST DIRECTION     W (250)
  AVERAGE WIND SPEED     6.7


SKY COVER
  POSSIBLE SUNSHINE  MM
  AVERAGE SKY COVER 0.0


WEATHER CONDITIONS
 THE FOLLOWING WEATHER WAS RECORDED YESTERDAY.
  NO SIGNIFICANT WEATHER WAS OBSERVED.


RELATIVE HUMIDITY (PERCENT)
 HIGHEST    54           400 AM
 LOWEST     16          1200 PM
 AVERAGE    35

..........................................................


THE CARIBOU ME CLIMATE NORMALS FOR TODAY
                         NORMAL    RECORD    YEAR
 MAXIMUM TEMPERATURE (F)   53        77      2009
 MINIMUM TEMPERATURE (F)   34        17      2004


SUNRISE AND SUNSET
APRIL 25 2018.........SUNRISE   527 AM EDT   SUNSET   734 PM EDT
APRIL 26 2018.........SUNRISE   525 AM EDT   SUNSET   735 PM EDT


-  INDICATES NEGATIVE NUMBERS.
R  INDICATES RECORD WAS SET OR TIED.
MM INDICATES DATA IS MISSING.
T  INDICATES TRACE AMOUNT.




$$
