035
CDAK48 PAFC 211256
CLICDB


CLIMATE REPORT
NATIONAL WEATHER SERVICE ANCHORAGE, AK
455 AM AKDT SAT APR 21 2018


...................................

...THE COLD BAY CLIMATE SUMMARY FOR APRIL 20 2018...

CLIMATE NORMAL PERIOD 1981 TO 2010
CLIMATE RECORD PERIOD 1942 TO 2018


WEATHER ITEM   OBSERVED TIME   RECORD YEAR NORMAL DEPARTURE LAST
                VALUE   (LST)  VALUE       VALUE  FROM      YEAR
                                                  NORMAL
..................................................................
TEMPERATURE (F)
 YESTERDAY
  MAXIMUM         46        MM  49    1981  40      6       39
  MINIMUM         34        MM  15    2005  30      4       30
  AVERAGE         40                        35      5       35

PRECIPITATION (IN)
  YESTERDAY        0.15          2.16 1993   0.08   0.07     0.01
  MONTH TO DATE    2.76                      1.63   1.13     0.82
  SINCE MAR 1      5.38                      4.33   1.05     0.86
  SINCE JAN 1     11.23                     10.47   0.76     7.84

SNOWFALL (IN)
  YESTERDAY        0.0           1.1  2015   0.2   -0.2      0.0
  MONTH TO DATE    T                         5.2   -5.2      2.6
  SINCE MAR 1      6.2                      18.2  -12.0      2.9
  SINCE JUL 1     41.4                      70.4  -29.0     39.5
  SNOW DEPTH       0

DEGREE DAYS
 HEATING
  YESTERDAY       25                        30     -5       30
  MONTH TO DATE  554                       641    -87      621
  SINCE MAR 1   1478                      1723   -245     1817
  SINCE JUL 1   7021                      7941   -920     7377

 COOLING
  YESTERDAY        0                         0      0        0
  MONTH TO DATE    0                         0      0        0
  SINCE MAR 1      0                         0      0        0
  SINCE JAN 1      0                         0      0        0
..................................................................


WIND (MPH)
  RESULTANT WIND SPEED   5   RESULTANT WIND DIRECTION  NW (300)
  HIGHEST WIND SPEED    10   HIGHEST WIND DIRECTION    NW (300)
  HIGHEST GUST SPEED    MM   HIGHEST GUST DIRECTION    MM
  AVERAGE WIND SPEED     7.3



WEATHER CONDITIONS
 THE FOLLOWING WEATHER WAS RECORDED YESTERDAY.
  RAIN
  LIGHT RAIN
  FOG


RELATIVE HUMIDITY (PERCENT)
 HIGHEST   100
 LOWEST     76
 AVERAGE    88

..........................................................


THE COLD BAY CLIMATE NORMALS FOR TODAY
                         NORMAL    RECORD    YEAR
 MAXIMUM TEMPERATURE (F)   40        51      1981
 MINIMUM TEMPERATURE (F)   30        14      2015


SUNRISE AND SUNSET
APRIL 21 2018.........SUNRISE   732 AM AKDT  SUNSET  1008 PM AKDT
APRIL 22 2018.........SUNRISE   730 AM AKDT  SUNSET  1010 PM AKDT


-  INDICATES NEGATIVE NUMBERS.
R  INDICATES RECORD WAS SET OR TIED.
MM INDICATES DATA IS MISSING.
T  INDICATES TRACE AMOUNT.




$$
