556
CDUS44 KMRX 232126
CLICHA


CLIMATE REPORT
NATIONAL WEATHER SERVICE MORRISTOWN TN
526 PM EDT WED MAY 23 2018


...................................

...THE CHATTANOOGA  ASOS CLIMATE SUMMARY FOR MAY 23 2018...
VALID TODAY AS OF 0500 PM LOCAL TIME.

CLIMATE NORMAL PERIOD 1981 TO 2010
CLIMATE RECORD PERIOD 1879 TO 2018


WEATHER ITEM   OBSERVED TIME   RECORD YEAR NORMAL DEPARTURE LAST
                VALUE   (LST)  VALUE       VALUE  FROM      YEAR
                                                  NORMAL
..................................................................
TEMPERATURE (F)
 TODAY
  MAXIMUM         89    356 PM  93    1953  82      7       77
                                      1941
  MINIMUM         67    557 AM  41    1889  59      8       63
  AVERAGE         78                        70      8       70

PRECIPITATION (IN)
  TODAY            0.00          1.61 1979   0.12  -0.12     0.45
  MONTH TO DATE    1.11                      3.10  -1.99     3.86
  SINCE MAR 1     10.43                     12.07  -1.64    18.42
  SINCE JAN 1     21.30                     21.82  -0.52    26.85

SNOWFALL (IN)
  TODAY            0.0                       0.0    0.0      0.0
  MONTH TO DATE    0.0                       0.0    0.0      0.0
  SINCE MAR 1      T                         1.3   -1.3       T
  SINCE JUL 1      0.8                       3.9   -3.1      0.3
  SNOW DEPTH       0

DEGREE DAYS
 HEATING
  TODAY            0                         1     -1        0
  MONTH TO DATE    1                        36    -35       25
  SINCE MAR 1    655                       614     41      408
  SINCE JUL 1   3053                      3236   -183     2219

 COOLING
  TODAY           13                         6      7        5
  MONTH TO DATE  214                        92    122      146
  SINCE MAR 1    232                       138     94      272
  SINCE JAN 1    257                       138    119      272
..................................................................


WIND (MPH)
  HIGHEST WIND SPEED    13   HIGHEST WIND DIRECTION     N (20)
  HIGHEST GUST SPEED    17   HIGHEST GUST DIRECTION    NE (30)
  AVERAGE WIND SPEED     3.7


SKY COVER
  POSSIBLE SUNSHINE  MM
  AVERAGE SKY COVER 0.5


WEATHER CONDITIONS
 THE FOLLOWING WEATHER WAS RECORDED TODAY.
  NO SIGNIFICANT WEATHER WAS OBSERVED.


RELATIVE HUMIDITY (PERCENT)
 HIGHEST    93           600 AM
 LOWEST     44           400 PM
 AVERAGE    69

..........................................................


THE CHATTANOOGA  ASOS CLIMATE NORMALS FOR TOMORROW
                         NORMAL    RECORD    YEAR
 MAXIMUM TEMPERATURE (F)   82        94      1953
 MINIMUM TEMPERATURE (F)   60        41      1892


SUNRISE AND SUNSET
MAY 23 2018...........SUNRISE   632 AM EDT   SUNSET   844 PM EDT
MAY 24 2018...........SUNRISE   631 AM EDT   SUNSET   844 PM EDT


-  INDICATES NEGATIVE NUMBERS.
R  INDICATES RECORD WAS SET OR TIED.
MM INDICATES DATA IS MISSING.
T  INDICATES TRACE AMOUNT.




$$
