000
CDUS44 KHGX 210719
CLICLL


CLIMATE REPORT
NATIONAL WEATHER SERVICE HOUSTON/GALVESTON TX
219 AM CDT SAT APR 21 2018


...................................

...THE COLLEGE STATION CLIMATE SUMMARY FOR APRIL 20 2018...

CLIMATE NORMAL PERIOD 1981 TO 2010
CLIMATE RECORD PERIOD 1902 TO 2018


WEATHER ITEM   OBSERVED TIME   RECORD YEAR NORMAL DEPARTURE LAST
                VALUE   (LST)  VALUE       VALUE  FROM      YEAR
                                                  NORMAL
..................................................................
TEMPERATURE (F)
 YESTERDAY
  MAXIMUM         67    252 PM  94    2011  80    -13       86
                                      1925
  MINIMUM         53    724 AM  38    1887  59     -6       68
  AVERAGE         60                        70    -10       77

PRECIPITATION (IN)
  YESTERDAY        0.00          2.40 1915   0.09  -0.09     0.00
  MONTH TO DATE    0.65                      1.63  -0.98     2.73
  SINCE MAR 1      6.81                      4.80   2.01     4.49
  SINCE JAN 1      9.73                     10.89  -1.16    11.49

SNOWFALL (IN)
  YESTERDAY        0.0
  MONTH TO DATE    0.0
  SINCE JUL 1      5.0

DEGREE DAYS
 HEATING
  YESTERDAY        5                         1      4        0
  MONTH TO DATE   64                        40     24        7
  SINCE MAR 1    144                       212    -68       73
  SINCE JUL 1   1511                      1599    -88      842

 COOLING
  YESTERDAY        0                         6     -6       12
  MONTH TO DATE   59                        86    -27      119
  SINCE MAR 1    161                       145     16      260
  SINCE JAN 1    207                       173     34      391
..................................................................


WIND (MPH)
  HIGHEST WIND SPEED    17   HIGHEST WIND DIRECTION     E (90)
  HIGHEST GUST SPEED    23   HIGHEST GUST DIRECTION     E (100)
  AVERAGE WIND SPEED     9.1


SKY COVER
  AVERAGE SKY COVER 0.0


WEATHER CONDITIONS
 THE FOLLOWING WEATHER WAS RECORDED YESTERDAY.
  NO SIGNIFICANT WEATHER WAS OBSERVED.


RELATIVE HUMIDITY (PERCENT)
 HIGHEST    77           500 AM
 LOWEST     44           200 PM
 AVERAGE    61

..........................................................


THE COLLEGE STATION CLIMATE NORMALS FOR TODAY
                         NORMAL    RECORD    YEAR
 MAXIMUM TEMPERATURE (F)   80        94      1925
                                             1892
 MINIMUM TEMPERATURE (F)   60        38      1931


SUNRISE AND SUNSET
APRIL 21 2018.........SUNRISE   651 AM CDT   SUNSET   757 PM CDT
APRIL 22 2018.........SUNRISE   650 AM CDT   SUNSET   758 PM CDT


-  INDICATES NEGATIVE NUMBERS.
R  INDICATES RECORD WAS SET OR TIED.
MM INDICATES DATA IS MISSING.
T  INDICATES TRACE AMOUNT.




$$
