000
CDUS41 KILN 242055
CLICMH


CLIMATE REPORT
NATIONAL WEATHER SERVICE WILMINGTON OH
455 PM EDT TUE APR 24 2018


...................................

...THE COLUMBUS OH CLIMATE SUMMARY FOR APRIL 24 2018...
VALID TODAY AS OF 0400 PM LOCAL TIME.

CLIMATE NORMAL PERIOD 1981 TO 2010
CLIMATE RECORD PERIOD 1869 TO 2018


WEATHER ITEM   OBSERVED TIME   RECORD YEAR NORMAL DEPARTURE LAST
                VALUE   (LST)  VALUE       VALUE  FROM      YEAR
                                                  NORMAL
..................................................................
TEMPERATURE (F)
 TODAY
  MAXIMUM         55    259 PM  88    1960  67    -12       72
  MINIMUM         52   1134 AM  28    2015  45      7       44
                                      1930
  AVERAGE         54                        56     -2       58

PRECIPITATION (IN)
  TODAY            0.26          1.72 1970   0.11   0.15     0.00
  MONTH TO DATE    5.22                      2.72   2.50     1.54
  SINCE MAR 1      8.18                      5.74   2.44     6.93
  SINCE JAN 1     15.82                     10.72   5.10    12.39

SNOWFALL (IN)
  TODAY            0.0           3.0  2005   0.0    0.0      0.0
  MONTH TO DATE    2.9                       1.1    1.8       T
  SINCE MAR 1      6.1                       5.3    0.8      1.7
  SINCE JUL 1     30.7                      26.7    4.0      9.3
  SNOW DEPTH       0

DEGREE DAYS
 HEATING
  TODAY           11                        10      1        7
  MONTH TO DATE  445                       320    125      188
  SINCE MAR 1   1258                      1036    222      861
  SINCE JUL 1   5105                      5031     74     4130

 COOLING
  TODAY            0                         1     -1        0
  MONTH TO DATE    9                         6      3       29
  SINCE MAR 1      9                         6      3       31
  SINCE JAN 1     13                         6      7       35
..................................................................


WIND (MPH)
  HIGHEST WIND SPEED    17   HIGHEST WIND DIRECTION     E (90)
  HIGHEST GUST SPEED    23   HIGHEST GUST DIRECTION     E (110)
  AVERAGE WIND SPEED    12.7


SKY COVER
  POSSIBLE SUNSHINE  MM
  AVERAGE SKY COVER 0.9


WEATHER CONDITIONS
 THE FOLLOWING WEATHER WAS RECORDED TODAY.
  RAIN
  LIGHT RAIN
  FOG


RELATIVE HUMIDITY (PERCENT)
 HIGHEST    93           200 PM
 LOWEST     83           200 AM
 AVERAGE    88

..........................................................


THE COLUMBUS OH CLIMATE NORMALS FOR TOMORROW
                         NORMAL    RECORD    YEAR
 MAXIMUM TEMPERATURE (F)   67        90      1915
 MINIMUM TEMPERATURE (F)   46        25      1919


SUNRISE AND SUNSET
APRIL 24 2018.........SUNRISE   641 AM EDT   SUNSET   819 PM EDT
APRIL 25 2018.........SUNRISE   639 AM EDT   SUNSET   820 PM EDT


-  INDICATES NEGATIVE NUMBERS.
R  INDICATES RECORD WAS SET OR TIED.
MM INDICATES DATA IS MISSING.
T  INDICATES TRACE AMOUNT.




$$
