000
CDUS43 KTOP 230635
CLICNK


CLIMATE REPORT
NATIONAL WEATHER SERVICE TOPEKA KS
134 AM CDT MON APR 23 2018


...................................

...THE CONCORDIA KS CLIMATE SUMMARY FOR APRIL 22 2018...

CLIMATE NORMAL PERIOD 1981 TO 2010
CLIMATE RECORD PERIOD 1885 TO 2018


WEATHER ITEM   OBSERVED TIME   RECORD YEAR NORMAL DEPARTURE LAST
                VALUE   (LST)  VALUE       VALUE  FROM      YEAR
                                                  NORMAL
..................................................................
TEMPERATURE (F)
 YESTERDAY
  MAXIMUM         59    558 PM  97    1989  67     -8       64
  MINIMUM         39    628 AM  30    1992  44     -5       44
  AVERAGE         49                        55     -6       54

PRECIPITATION (IN)
  YESTERDAY        T             1.33 2010   0.09  -0.09      T
  MONTH TO DATE    0.63                      1.70  -1.07     2.95
  SINCE MAR 1      1.21                      3.71  -2.50     6.14
  SINCE JAN 1      2.20                      5.08  -2.88     7.99

SNOWFALL (IN)
  YESTERDAY       MM             T    1968   0.0   MM        0.0
  MONTH TO DATE    0.4                       0.5   -0.1      0.0
  SINCE JAN 1      9.8                      13.7   -3.9      2.1
  SINCE JUL 1     11.6                      20.2   -8.6      4.3
  SNOW DEPTH       0

DEGREE DAYS
 HEATING
  YESTERDAY       16                        11      5       11
  MONTH TO DATE  493                       300    193      208
  SINCE MAR 1   1147                       984    163      777
  SINCE JUL 1   5232                      5191     41     4278

 COOLING
  YESTERDAY        0                         1     -1        0
  MONTH TO DATE    2                         7     -5       15
  SINCE MAR 1      2                         8     -6       19
  SINCE JAN 1      2                         8     -6       19
..................................................................


WIND (MPH)
  HIGHEST WIND SPEED    18   HIGHEST WIND DIRECTION     N (20)
  HIGHEST GUST SPEED    26   HIGHEST GUST DIRECTION    NE (30)
  AVERAGE WIND SPEED     8.9


SKY COVER
  AVERAGE SKY COVER 0.7


WEATHER CONDITIONS
 THE FOLLOWING WEATHER WAS RECORDED YESTERDAY.
  LIGHT RAIN


RELATIVE HUMIDITY (PERCENT)
 HIGHEST    96          1200 AM
 LOWEST     43           300 PM
 AVERAGE    70

..........................................................


THE CONCORDIA KS CLIMATE NORMALS FOR TODAY
                         NORMAL    RECORD    YEAR
 MAXIMUM TEMPERATURE (F)   67        95      1989
 MINIMUM TEMPERATURE (F)   44        29      2013
                                             1967


SUNRISE AND SUNSET
APRIL 23 2018.........SUNRISE   642 AM CDT   SUNSET   817 PM CDT
APRIL 24 2018.........SUNRISE   641 AM CDT   SUNSET   818 PM CDT


-  INDICATES NEGATIVE NUMBERS.
R  INDICATES RECORD WAS SET OR TIED.
MM INDICATES DATA IS MISSING.
T  INDICATES TRACE AMOUNT.




$$
