000
CDUS45 KRIW 270738
CLICPR


CLIMATE REPORT
NATIONAL WEATHER SERVICE RIVERTON WY
133 AM MDT SUN MAY 27 2018


...................................

...THE CASPER WY CLIMATE SUMMARY FOR MAY 26 2018...

CLIMATE NORMAL PERIOD 1981 TO 2010
CLIMATE RECORD PERIOD 1939 TO 2018


WEATHER ITEM   OBSERVED TIME   RECORD YEAR NORMAL DEPARTURE LAST
                VALUE   (LST)  VALUE       VALUE  FROM      YEAR
                                                  NORMAL
..................................................................
TEMPERATURE (F)
 YESTERDAY
  MAXIMUM         88    438 PM  91    2006  71     17       53
  MINIMUM         43    452 AM  29    1989  40      3       41
                                      1950
  AVERAGE         66                        55     11       47

PRECIPITATION (IN)
  YESTERDAY        T             0.96 1997   0.06  -0.06     0.19
  MONTH TO DATE    1.68                      1.70  -0.02     2.12
  SINCE MAR 1      3.71                      3.81  -0.10     6.12
  SINCE JAN 1      5.01                      4.89   0.12     7.47

SNOWFALL (IN)
  YESTERDAY        0.0                       0.0    0.0      0.0
  MONTH TO DATE    0.0                       2.8   -2.8      2.9
  SINCE MAR 1     12.2                      25.3  -13.1     16.5
  SINCE JUL 1     71.7                      74.7   -3.0     70.0
  SNOW DEPTH       0

DEGREE DAYS
 HEATING
  YESTERDAY        0                        10    -10       18
  MONTH TO DATE  262                       356    -94      345
  SINCE MAR 1   1854                      1950    -96     1710
  SINCE JUL 1   7318                      7398    -80     6900

 COOLING
  YESTERDAY        1                         0      1        0
  MONTH TO DATE    1                         0      1        0
  SINCE MAR 1      1                         0      1        0
  SINCE JAN 1      1                         0      1        0
..................................................................


WIND (MPH)
  HIGHEST WIND SPEED    33   HIGHEST WIND DIRECTION    SE (150)
  HIGHEST GUST SPEED    43   HIGHEST GUST DIRECTION     S (160)
  AVERAGE WIND SPEED     8.7


SKY COVER
  POSSIBLE SUNSHINE  MM
  AVERAGE SKY COVER 0.0


WEATHER CONDITIONS
 THE FOLLOWING WEATHER WAS RECORDED YESTERDAY.
  THUNDERSTORM
  LIGHT RAIN


RELATIVE HUMIDITY (PERCENT)
 HIGHEST   100           300 AM
 LOWEST      9           300 PM
 AVERAGE    55

..........................................................


THE CASPER WY CLIMATE NORMALS FOR TODAY
                         NORMAL    RECORD    YEAR
 MAXIMUM TEMPERATURE (F)   71        91      1969
 MINIMUM TEMPERATURE (F)   40        30      1950


SUNRISE AND SUNSET
MAY 27 2018...........SUNRISE   533 AM MDT   SUNSET   834 PM MDT
MAY 28 2018...........SUNRISE   532 AM MDT   SUNSET   835 PM MDT


-  INDICATES NEGATIVE NUMBERS.
R  INDICATES RECORD WAS SET OR TIED.
MM INDICATES DATA IS MISSING.
T  INDICATES TRACE AMOUNT.




$$
