000
CDUS42 KILM 200841
CLICRE


CLIMATE REPORT
NATIONAL WEATHER SERVICE WILMINGTON NC
441 AM EDT FRI APR 20 2018


...................................

...THE N.MYRTLE BEACH SOUTH CAROLINA CLIMATE SUMMARY FOR APRIL 19 2018...

CLIMATE NORMAL PERIOD 1981 TO 2010
CLIMATE RECORD PERIOD 1949 TO 2018


WEATHER ITEM   OBSERVED TIME   RECORD YEAR NORMAL DEPARTURE LAST
                VALUE   (LST)  VALUE       VALUE  FROM      YEAR
                                                  NORMAL
..................................................................
TEMPERATURE (F)
 YESTERDAY
  MAXIMUM         84    345 PM  88    2016  72     12       78
  MINIMUM         54   1159 PM  32    2001  53      1       60
  AVERAGE         69                        62      7       69

PRECIPITATION (IN)
  YESTERDAY        0.00          1.02 2015   0.10  -0.10      T
  MONTH TO DATE    2.57                      1.94   0.63     2.25
  SINCE MAR 1      4.57                      5.86  -1.29     4.19
  SINCE JAN 1     10.28                     12.97  -2.69     7.72

SNOWFALL (IN)
  YESTERDAY       MM            MM          MM
  MONTH TO DATE   MM                        MM
  SINCE MAR 1     MM                        MM
  SINCE JUL 1     MM                        MM
  SNOW DEPTH      MM

DEGREE DAYS
 HEATING
  YESTERDAY        0                         4     -4        0
  MONTH TO DATE  133                       109     24       47
  SINCE MAR 1    529                       447     82      391
  SINCE JUL 1   2293                      2391    -98     1795

 COOLING
  YESTERDAY        4                         1      3        4
  MONTH TO DATE   17                        15      2       30
  SINCE MAR 1     17                        18     -1       42
  SINCE JAN 1     37                        18     19       43
..................................................................


WIND (MPH)
  RESULTANT WIND SPEED  10   RESULTANT WIND DIRECTION   W (260)
  HIGHEST WIND SPEED    25   HIGHEST WIND DIRECTION     W (250)
  HIGHEST GUST SPEED    37   HIGHEST GUST DIRECTION     W (270)
  AVERAGE WIND SPEED    13.7


SKY COVER
  POSSIBLE SUNSHINE  MM
  AVERAGE SKY COVER 0.0


WEATHER CONDITIONS
 THE FOLLOWING WEATHER WAS RECORDED YESTERDAY.
  NO SIGNIFICANT WEATHER WAS OBSERVED.


RELATIVE HUMIDITY (PERCENT)
 HIGHEST    78          1200 AM
 LOWEST     23           600 PM
 AVERAGE    51

..........................................................


THE N.MYRTLE BEACH SOUTH CAROLINA CLIMATE NORMALS FOR TODAY
                         NORMAL    RECORD    YEAR
 MAXIMUM TEMPERATURE (F)   72        87      1955
 MINIMUM TEMPERATURE (F)   53        32      1994


SUNRISE AND SUNSET
APRIL 20 2018.........SUNRISE   638 AM EDT   SUNSET   750 PM EDT
APRIL 21 2018.........SUNRISE   637 AM EDT   SUNSET   751 PM EDT


-  INDICATES NEGATIVE NUMBERS.
R  INDICATES RECORD WAS SET OR TIED.
MM INDICATES DATA IS MISSING.
T  INDICATES TRACE AMOUNT.




$$
