000
CDUS43 KUNR 200845
CLICUT


CLIMATE REPORT
NATIONAL WEATHER SERVICE RAPID CITY SD
241 AM MDT SUN MAY 20 2018


...................................

...THE CUSTER COUNTY AIRPORT SD CLIMATE SUMMARY FOR MAY 19 2018...

CLIMATE NORMAL PERIOD 1981 TO 2010
CLIMATE RECORD PERIOD 9999 TO 9999


WEATHER ITEM   OBSERVED TIME   NORMAL DEPARTURE LAST
                VALUE   (LST)  VALUE  FROM      YEAR
                                      NORMAL
......................................................
TEMPERATURE (F)
 YESTERDAY
  MAXIMUM         45   1213 AM  61    -16       35
  MINIMUM         38   1127 AM  37      1       31
  AVERAGE         42            49     -7       33

PRECIPITATION (IN)
  YESTERDAY        0.05          0.10  -0.05     0.07
  MONTH TO DATE    1.90          1.78   0.12     1.34
  SINCE MAR 1      5.27          4.91   0.36     5.50
  SINCE JAN 1      7.58          5.77   1.81     7.51

DEGREE DAYS
 HEATING
  YESTERDAY       23            16      7       32
  MONTH TO DATE  250           350   -100      302
  SINCE MAR 1   2128          2165    -37     1886
  SINCE JUL 1   7920          8000    -80     7254

 COOLING
  YESTERDAY        0             0      0        0
  MONTH TO DATE    0             0      0        0
  SINCE MAR 1      0             0      0        0
  SINCE JAN 1      0             0      0        0
......................................................


WIND (MPH)
  HIGHEST WIND SPEED    21   HIGHEST WIND DIRECTION     N (20)
  HIGHEST GUST SPEED    28   HIGHEST GUST DIRECTION    NE (30)
  AVERAGE WIND SPEED     9.1


SKY COVER
  AVERAGE SKY COVER 1.0


WEATHER CONDITIONS
 THE FOLLOWING WEATHER WAS RECORDED YESTERDAY.
  LIGHT RAIN
  FOG


RELATIVE HUMIDITY (PERCENT)
 HIGHEST    92
 LOWEST     49
 AVERAGE    71

..........................................................




SUNRISE AND SUNSET
MAY 20 2018...........SUNRISE   524 AM MDT   SUNSET   818 PM MDT
MAY 21 2018...........SUNRISE   523 AM MDT   SUNSET   819 PM MDT


-  INDICATES NEGATIVE NUMBERS.
R  INDICATES RECORD WAS SET OR TIED.
MM INDICATES DATA IS MISSING.
T  INDICATES TRACE AMOUNT.




$$
