000
CDUS46 KSGX 270022
CLICZZ


CLIMATE REPORT
NATIONAL WEATHER SERVICE SAN DIEGO, CA
521 PM PDT SAT MAY 26 2018


...................................

...THE CAMPO ASOS CA CLIMATE SUMMARY FOR MAY 26 2018...
VALID TODAY AS OF 0500 PM LOCAL TIME.

CLIMATE NORMAL PERIOD 1981 TO 2010
CLIMATE RECORD PERIOD 1948 TO 2018


WEATHER ITEM   OBSERVED TIME   RECORD YEAR NORMAL DEPARTURE LAST
                VALUE   (LST)  VALUE       VALUE  FROM      YEAR
                                                  NORMAL
..................................................................
TEMPERATURE (F)
 TODAY
  MAXIMUM         65    205 PM  99    1974  82    -17       70
  MINIMUM         49    538 AM  29    1972  43      6       43
  AVERAGE         57                        62     -5       57

PRECIPITATION (IN)
  TODAY            0.00          0.08 1962   0.00   0.00     0.00
  MONTH TO DATE    0.05                      0.17  -0.12     0.89
  SINCE OCT 1      4.31                     14.25  -9.94    16.58
  SINCE JAN 1      3.96                     10.03  -6.07    11.35

DEGREE DAYS
 HEATING
  TODAY            8                         4      4        8
  MONTH TO DATE  163                       139     24      158
  SINCE MAR 1    833                       856    -23      736
  SINCE JUL 1   2455                      2907   -452     2646

 COOLING
  TODAY            0                         1     -1        0
  MONTH TO DATE   11                        21    -10       25
  SINCE MAR 1     11                        24    -13       27
  SINCE JAN 1     11                        24    -13       27
..................................................................


WIND (MPH)
  RESULTANT WIND SPEED  13   RESULTANT WIND DIRECTION  SW (230)
  HIGHEST WIND SPEED    24   HIGHEST WIND DIRECTION    SW (230)
  HIGHEST GUST SPEED    29   HIGHEST GUST DIRECTION    SW (230)
  AVERAGE WIND SPEED    13.5


SKY COVER
  POSSIBLE SUNSHINE  MM
  AVERAGE SKY COVER 0.0



RELATIVE HUMIDITY (PERCENT)
 HIGHEST    93           400 AM
 LOWEST     52           100 PM
 AVERAGE    73

..........................................................


THE CAMPO ASOS CA CLIMATE NORMALS FOR TOMORROW
                         NORMAL    RECORD    YEAR
 MAXIMUM TEMPERATURE (F)   82        97      2003
                                             1984
 MINIMUM TEMPERATURE (F)   43        31      1998


SUNRISE AND SUNSET
MAY 26 2018...........SUNRISE   541 AM PDT   SUNSET   745 PM PDT
MAY 27 2018...........SUNRISE   541 AM PDT   SUNSET   746 PM PDT


-  INDICATES NEGATIVE NUMBERS.
R  INDICATES RECORD WAS SET OR TIED.
MM INDICATES DATA IS MISSING.
T  INDICATES TRACE AMOUNT.




$$
