000
CDUS43 KDVN 270916
CLIDBQ


CLIMATE REPORT
NATIONAL WEATHER SERVICE QUAD CITIES IA IL
414 AM CDT SUN MAY 27 2018


...................................

...THE DUBUQUE IA CLIMATE SUMMARY FOR MAY 26 2018...

CLIMATE NORMAL PERIOD 1981 TO 2010
CLIMATE RECORD PERIOD 1873 TO 2018


WEATHER ITEM   OBSERVED TIME   RECORD YEAR NORMAL DEPARTURE LAST
                VALUE   (LST)  VALUE       VALUE  FROM      YEAR
                                                  NORMAL
..................................................................
TEMPERATURE (F)
 YESTERDAY
  MAXIMUM         88    405 PM  91    1914  72     16       66
  MINIMUM         63    512 AM  33    1961  52     11       54
  AVERAGE         76                        62     14       60

PRECIPITATION (IN)
  YESTERDAY        0.02          2.25 1965   0.14  -0.12     0.38
  MONTH TO DATE    4.93                      3.50   1.43     2.62
  SINCE MAR 1      8.36                      9.57  -1.21     9.75
  SINCE JAN 1     12.41                     12.18   0.23    13.56

SNOWFALL (IN)
  YESTERDAY        0.0          MM      MM   0.0    0.0      0.0
  MONTH TO DATE    0.0                       0.1   -0.1      0.0
  SINCE MAR 1     16.2                       8.4    7.8      4.6
  SINCE JUL 1     38.2                      42.0   -3.8     27.2
  SNOW DEPTH       0

DEGREE DAYS
 HEATING
  YESTERDAY        0                         5     -5        5
  MONTH TO DATE   69                       205   -136      235
  SINCE MAR 1   1804                      1633    171     1553
  SINCE JUL 1   7109                      7026     83     6034

 COOLING
  YESTERDAY       11                         2      9        0
  MONTH TO DATE   50                        22     28       19
  SINCE MAR 1     50                        27     23       24
  SINCE JAN 1     50                        27     23       24
..................................................................


WIND (MPH)
  HIGHEST WIND SPEED    13   HIGHEST WIND DIRECTION    SW (230)
  HIGHEST GUST SPEED    16   HIGHEST GUST DIRECTION    SW (230)
  AVERAGE WIND SPEED     4.8


SKY COVER
  POSSIBLE SUNSHINE  MM
  AVERAGE SKY COVER 0.0


WEATHER CONDITIONS
 THE FOLLOWING WEATHER WAS RECORDED YESTERDAY.
  LIGHT RAIN


RELATIVE HUMIDITY (PERCENT)
 HIGHEST    93           400 AM
 LOWEST     43           300 PM
 AVERAGE    68

..........................................................


THE DUBUQUE IA CLIMATE NORMALS FOR TODAY
                         NORMAL    RECORD    YEAR
 MAXIMUM TEMPERATURE (F)   73        94      1874
 MINIMUM TEMPERATURE (F)   52        35      1961


SUNRISE AND SUNSET
MAY 27 2018...........SUNRISE   531 AM CDT   SUNSET   829 PM CDT
MAY 28 2018...........SUNRISE   531 AM CDT   SUNSET   830 PM CDT


-  INDICATES NEGATIVE NUMBERS.
R  INDICATES RECORD WAS SET OR TIED.
MM INDICATES DATA IS MISSING.
T  INDICATES TRACE AMOUNT.




$$
