000
CDUS43 KILX 240633
CLIDEC


CLIMATE REPORT
NATIONAL WEATHER SERVICE LINCOLN IL
132 AM CDT TUE APR 24 2018


...................................

...THE DECATUR IL AIRPORT CLIMATE SUMMARY FOR APRIL 23 2018...

CLIMATE NORMAL PERIOD 1981 TO 2010
CLIMATE RECORD PERIOD 9999 TO 9999


WEATHER ITEM   OBSERVED TIME   RECORD YEAR NORMAL DEPARTURE LAST
                VALUE   (LST)  VALUE       VALUE  FROM      YEAR
                                                  NORMAL
..................................................................
TEMPERATURE (F)
 YESTERDAY
  MAXIMUM         65   1038 AM  MM      MM  67     -2       72
  MINIMUM         47    552 AM  MM      MM  44      3       35
  AVERAGE         56                        56      0       54

PRECIPITATION (IN)
  YESTERDAY        0.19         MM      MM   0.14   0.05     0.00
  MONTH TO DATE    1.83                      2.58  -0.75     2.00
  SINCE MAR 1      5.20                      5.22  -0.02     4.70
  SINCE JAN 1     10.33                      8.94   1.39     6.80

DEGREE DAYS
 HEATING
  YESTERDAY        9                        10     -1       11
  MONTH TO DATE  495                       319    176      197
  SINCE MAR 1   1302                      1046    256      852
  SINCE JUL 1   5454                      5303    151     4211

 COOLING
  YESTERDAY        0                         1     -1        0
  MONTH TO DATE    3                         1      2       20
  SINCE MAR 1      3                         2      1       20
  SINCE JAN 1      3                         2      1       20
..................................................................


WIND (MPH)
  HIGHEST WIND SPEED    21   HIGHEST WIND DIRECTION     E (110)
  HIGHEST GUST SPEED    26   HIGHEST GUST DIRECTION     E (90)
  AVERAGE WIND SPEED    13.9


SKY COVER
  POSSIBLE SUNSHINE  MM
  AVERAGE SKY COVER 0.9


WEATHER CONDITIONS
 THE FOLLOWING WEATHER WAS RECORDED YESTERDAY.
  LIGHT RAIN
  FOG


RELATIVE HUMIDITY (PERCENT)
 HIGHEST   100           500 PM
 LOWEST     44           700 AM
 AVERAGE    72

..........................................................


THE DECATUR IL AIRPORT CLIMATE NORMALS FOR TODAY
                         NORMAL    RECORD    YEAR
 MAXIMUM TEMPERATURE (F)   67        MM        MM
 MINIMUM TEMPERATURE (F)   45        MM        MM


SUNRISE AND SUNSET
APRIL 24 2018.........SUNRISE   605 AM CDT   SUNSET   743 PM CDT
APRIL 25 2018.........SUNRISE   604 AM CDT   SUNSET   744 PM CDT


-  INDICATES NEGATIVE NUMBERS.
R  INDICATES RECORD WAS SET OR TIED.
MM INDICATES DATA IS MISSING.
T  INDICATES TRACE AMOUNT.




$$
