000
CDUS45 KBOU 242332
CLIDEN


CLIMATE REPORT
NATIONAL WEATHER SERVICE DENVER/BOULDER CO
531 PM MDT THU MAY 24 2018


...................................

...THE DENVER CO CLIMATE SUMMARY FOR MAY 24 2018...
VALID TODAY AS OF 0500 PM LOCAL TIME.

CLIMATE NORMAL PERIOD 1981 TO 2010
CLIMATE RECORD PERIOD 1872 TO 2018


WEATHER ITEM   OBSERVED TIME   RECORD YEAR NORMAL DEPARTURE LAST
                VALUE   (LST)  VALUE       VALUE  FROM      YEAR
                                                  NORMAL
..................................................................
TEMPERATURE (F)
 TODAY
  MAXIMUM         85    342 PM  87    2005  75     10       84
                                      1984
                                      1967
  MINIMUM         52    513 AM  32    2002  45      7       36
  AVERAGE         69                        60      9       60

PRECIPITATION (IN)
  TODAY            0.00          0.64 1909   0.07  -0.07     0.00
  MONTH TO DATE    1.77                      1.61   0.16     3.13
  SINCE MAR 1      3.65                      4.24  -0.59     5.01
  SINCE JAN 1      4.50                      5.02  -0.52     5.78

DEGREE DAYS
 HEATING
  TODAY            0                         6     -6        5
  MONTH TO DATE  144                       229    -85      239
  SINCE MAR 1   1337                      1521   -184     1240
  SINCE JUL 1   5394                      5960   -566     5042

 COOLING
  TODAY            4                         1      3        0
  MONTH TO DATE   14                         9      5        6
  SINCE MAR 1     16                        10      6        6
  SINCE JAN 1     16                        10      6        6
..................................................................


WIND (MPH)
  HIGHEST WIND SPEED    14   HIGHEST WIND DIRECTION    NW (300)
  HIGHEST GUST SPEED    20   HIGHEST GUST DIRECTION     W (260)
  AVERAGE WIND SPEED     5.8


SKY COVER
  POSSIBLE SUNSHINE  MM
  AVERAGE SKY COVER 0.3


WEATHER CONDITIONS
 THE FOLLOWING WEATHER WAS RECORDED TODAY.
  NO SIGNIFICANT WEATHER WAS OBSERVED.


RELATIVE HUMIDITY (PERCENT)
 HIGHEST    77           300 AM
 LOWEST     16          1200 PM
 AVERAGE    47

..........................................................


THE DENVER CO CLIMATE NORMALS FOR TOMORROW
                         NORMAL    RECORD    YEAR
 MAXIMUM TEMPERATURE (F)   75        91      1964
 MINIMUM TEMPERATURE (F)   46        31      1950


SUNRISE AND SUNSET
MAY 24 2018...........SUNRISE   537 AM MDT   SUNSET   815 PM MDT
MAY 25 2018...........SUNRISE   536 AM MDT   SUNSET   816 PM MDT


-  INDICATES NEGATIVE NUMBERS.
R  INDICATES RECORD WAS SET OR TIED.
MM INDICATES DATA IS MISSING.
T  INDICATES TRACE AMOUNT.




$$
