000
CDUS42 KCAE 210550
CLIDNL


CLIMATE REPORT
NATIONAL WEATHER SERVICE COLUMBIA SC
150 AM EDT SAT APR 21 2018


...................................

...THE AUGUSTA DANIEL FIELD GA CLIMATE SUMMARY FOR APRIL 20 2018...

CLIMATE NORMAL PERIOD 1981 TO 2010
CLIMATE RECORD PERIOD 9999 TO 9999


WEATHER ITEM   OBSERVED TIME   NORMAL DEPARTURE LAST
                VALUE   (LST)  VALUE  FROM      YEAR
                                      NORMAL
......................................................
TEMPERATURE (F)
 YESTERDAY
  MAXIMUM         72    440 PM  76     -4       86
  MINIMUM         47    628 AM  54     -7       62
  AVERAGE         60            65     -5       74

PRECIPITATION (IN)
  YESTERDAY        0.00          0.09  -0.09     0.00
  MONTH TO DATE    1.21          2.31  -1.10     2.15
  SINCE MAR 1      4.21          6.62  -2.41     4.24
  SINCE JAN 1      8.66         14.86  -6.20    16.60

DEGREE DAYS
 HEATING
  YESTERDAY        5             3      2        0
  MONTH TO DATE   80            79      1       23
  SINCE MAR 1    344           329     15      228
  SINCE JUL 1   1767          2142   -375     1235

 COOLING
  YESTERDAY        0             3     -3        9
  MONTH TO DATE   38            39     -1      112
  SINCE MAR 1     60            61     -1      183
  SINCE JAN 1    129            65     64      217
......................................................


WIND (MPH)
  HIGHEST WIND SPEED    21   HIGHEST WIND DIRECTION    NE (40)
  HIGHEST GUST SPEED    28   HIGHEST GUST DIRECTION    NE (60)
  AVERAGE WIND SPEED     8.6


SKY COVER
  AVERAGE SKY COVER 0.0


WEATHER CONDITIONS
 THE FOLLOWING WEATHER WAS RECORDED YESTERDAY.
  NO SIGNIFICANT WEATHER WAS OBSERVED.


RELATIVE HUMIDITY (PERCENT)
 HIGHEST    49           600 AM
 LOWEST     22           200 PM

..........................................................


THE AUGUSTA DANIEL FIELD GA CLIMATE NORMALS FOR TODAY
                         NORMAL    RECORD    YEAR
 MAXIMUM TEMPERATURE (F)   77        MM        MM
 MINIMUM TEMPERATURE (F)   54        MM        MM


SUNRISE AND SUNSET
APRIL 21 2018.........SUNRISE   651 AM EDT   SUNSET   803 PM EDT
APRIL 22 2018.........SUNRISE   650 AM EDT   SUNSET   804 PM EDT


-  INDICATES NEGATIVE NUMBERS.
R  INDICATES RECORD WAS SET OR TIED.
MM INDICATES DATA IS MISSING.
T  INDICATES TRACE AMOUNT.




$$
