000
CDUS44 KEWX 262243
CLIDRT


CLIMATE REPORT
NATIONAL WEATHER SERVICE AUSTIN/SAN ANTONIO, TX
543 PM CDT THU APR 26 2018


...................................

...THE DEL RIO CLIMATE SUMMARY FOR APRIL 26 2018...
VALID TODAY AS OF 0500 PM LOCAL TIME.

CLIMATE NORMAL PERIOD 1981 TO 2010
CLIMATE RECORD PERIOD 1906 TO 2018


WEATHER ITEM   OBSERVED TIME   RECORD YEAR NORMAL DEPARTURE LAST
                VALUE   (LST)  VALUE       VALUE  FROM      YEAR
                                                  NORMAL
..................................................................
TEMPERATURE (F)
 TODAY
  MAXIMUM         84    359 PM 104    2011  86     -2       91
  MINIMUM         58    647 AM  47    1913  63     -5       64
  AVERAGE         71                        74     -3       78

PRECIPITATION (IN)
  TODAY            0.00          1.55 1965   0.06  -0.06     0.00
  MONTH TO DATE    0.01                      1.37  -1.36     5.64
  SINCE MAR 1      0.14                      2.51  -2.37     6.15
  SINCE JAN 1      0.33                      4.11  -3.78     7.12

SNOWFALL (IN)
  TODAY            0.0
  MONTH TO DATE    0.0
  SINCE MAR 1      0.0
  SINCE JUL 1      T
  SNOW DEPTH       0

DEGREE DAYS
 HEATING
  TODAY            0                         0      0        0
  MONTH TO DATE    7                        24    -17       10
  SINCE MAR 1     39                       138    -99       47
  SINCE JUL 1   1270                      1374   -104      840

 COOLING
  TODAY            6                         9     -3       13
  MONTH TO DATE  180                       182     -2      199
  SINCE MAR 1    324                       269     55      353
  SINCE JAN 1    366                       288     78      416
..................................................................


WIND (MPH)
  HIGHEST WIND SPEED    15   HIGHEST WIND DIRECTION    SE (150)
  HIGHEST GUST SPEED    21   HIGHEST GUST DIRECTION    SE (150)
  AVERAGE WIND SPEED     6.8



WEATHER CONDITIONS
 THE FOLLOWING WEATHER WAS RECORDED TODAY.
  NO SIGNIFICANT WEATHER WAS OBSERVED.


RELATIVE HUMIDITY (PERCENT)
 HIGHEST    67           600 AM
 LOWEST     34           400 PM
 AVERAGE    51

..........................................................


THE DEL RIO CLIMATE NORMALS FOR TOMORROW
                         NORMAL    RECORD    YEAR
 MAXIMUM TEMPERATURE (F)   86        98      2014
                                             2002
                                             1964
 MINIMUM TEMPERATURE (F)   63        43      1908


SUNRISE AND SUNSET
APRIL 26 2018.........SUNRISE   706 AM CDT   SUNSET   817 PM CDT
APRIL 27 2018.........SUNRISE   705 AM CDT   SUNSET   818 PM CDT


-  INDICATES NEGATIVE NUMBERS.
R  INDICATES RECORD WAS SET OR TIED.
MM INDICATES DATA IS MISSING.
T  INDICATES TRACE AMOUNT.




$$
