000
CDUS45 KTWC 201439
CLIDUG

CLIMATE REPORT
NATIONAL WEATHER SERVICE TUCSON AZ
725 AM MST SUN MAY 20 2018


...................................

...THE DOUGLAS AZ CLIMATE SUMMARY FOR MAY 20 2018...
VALID AS OF 0700 AM LOCAL TIME.

CLIMATE NORMAL PERIOD 1981 TO 2010
CLIMATE RECORD PERIOD 1948 TO 2018


WEATHER ITEM   OBSERVED TIME   RECORD YEAR NORMAL DEPARTURE LAST
                VALUE   (LST)  VALUE       VALUE  FROM      YEAR
                                                  NORMAL
..................................................................
TEMPERATURE (F)
 TODAY
  MINIMUM         46    449 AM  36    1974  53     -7       41

PRECIPITATION (IN)
  TODAY            0.00          0.45 1987   0.01  -0.01     0.00
  MONTH TO DATE    0.00                      0.17  -0.17     0.07
  SINCE OCT 1      1.87                      4.84  -2.97     3.12
  SINCE JAN 1      1.04                      2.29  -1.25     1.77

DEGREE DAYS
 HEATING
  TODAY           10                         0     10        1

 COOLING
  TODAY            0                         6     -6        0
..................................................................


WIND (MPH)
  HIGHEST WIND SPEED     8   HIGHEST WIND DIRECTION    SE (130)
  HIGHEST GUST SPEED     9   HIGHEST GUST DIRECTION    SE (130)
  AVERAGE WIND SPEED     3.7


SKY COVER
  POSSIBLE SUNSHINE  MM
  AVERAGE SKY COVER 0.0


WEATHER CONDITIONS
 THE FOLLOWING WEATHER WAS RECORDED TODAY.
  NO SIGNIFICANT WEATHER WAS OBSERVED.


RELATIVE HUMIDITY (PERCENT)
 HIGHEST    17           500 AM

..........................................................


THE DOUGLAS AZ CLIMATE NORMALS FOR TOMORROW
                         NORMAL    RECORD    YEAR
 MAXIMUM TEMPERATURE (F)   90       103      2005
 MINIMUM TEMPERATURE (F)   53        37      1974


SUNRISE AND SUNSET
MAY 20 2018...........SUNRISE   519 AM MST   SUNSET   711 PM MST
MAY 21 2018...........SUNRISE   519 AM MST   SUNSET   712 PM MST


-  INDICATES NEGATIVE NUMBERS.
R  INDICATES RECORD WAS SET OR TIED.
MM INDICATES DATA IS MISSING.
T  INDICATES TRACE AMOUNT.




$$
