000
CDUS46 KEKA 191212
CLIEKA


CLIMATE REPORT
NATIONAL WEATHER SERVICE EUREKA CA
512 AM PDT THU APR 19 2018


...................................

...THE EUREKA CA CLIMATE SUMMARY FOR APRIL 18 2018...

CLIMATE NORMAL PERIOD 1981 TO 2010
CLIMATE RECORD PERIOD 1886 TO 2018


WEATHER ITEM   OBSERVED RECORD YEAR NORMAL DEPARTURE LAST
                VALUE   VALUE       VALUE  FROM      YEAR
                                           NORMAL
...........................................................
TEMPERATURE (F)
 YESTERDAY
  MAXIMUM         55     73    1918  58     -3       61
  MINIMUM         42     35    1967  44     -2       51
  AVERAGE         49                 51     -2       56

PRECIPITATION (IN)
  YESTERDAY        0.00   2.30 1925   0.11  -0.11     0.10
  MONTH TO DATE    3.78               2.21   1.57     3.88
  SINCE OCT 1     33.99              35.61  -1.62    59.23
  SINCE JAN 1     23.01              19.64   3.37    33.46

SNOWFALL (IN)
  YESTERDAY        0.0    0.0  2002   0.0    0.0      0.0
                               2001
  MONTH TO DATE    0.0                0.0    0.0       T
  SINCE MAR 1      T                  0.0    0.0       T
  SINCE JUL 1      T                  0.2   -0.2       T
  SNOW DEPTH       0

DEGREE DAYS
 HEATING
  YESTERDAY       16                 14      2        9
  MONTH TO DATE  253                263    -10      236
  SINCE MAR 1    763                739     24      666
  SINCE JUL 1   3564               3661    -97     3555

 COOLING
  YESTERDAY        0                  0      0        0
  MONTH TO DATE    0                  0      0        0
  SINCE MAR 1      0                  0      0        0
  SINCE JAN 1      0                  0      0        0
...........................................................


WIND (MPH)
  HIGHEST WIND SPEED    12   HIGHEST WIND DIRECTION     N (350)
  HIGHEST GUST SPEED    12   HIGHEST GUST DIRECTION    MM
  AVERAGE WIND SPEED     4.8


SKY COVER
  AVERAGE SKY COVER 0.4


WEATHER CONDITIONS
 THE FOLLOWING WEATHER WAS RECORDED YESTERDAY.
  NO SIGNIFICANT WEATHER WAS OBSERVED.


..........................................................


THE EUREKA CA CLIMATE NORMALS FOR TODAY
                         NORMAL    RECORD    YEAR
 MAXIMUM TEMPERATURE (F)   58        79      1918
 MINIMUM TEMPERATURE (F)   44        34      1896


SUNRISE AND SUNSET
APRIL 19 2018.........SUNRISE   632 AM PDT   SUNSET   801 PM PDT
APRIL 20 2018.........SUNRISE   630 AM PDT   SUNSET   802 PM PDT


-  INDICATES NEGATIVE NUMBERS.
R  INDICATES RECORD WAS SET OR TIED.
MM INDICATES DATA IS MISSING.
T  INDICATES TRACE AMOUNT.




&&

..........................................................

TOTAL SEASON     NORMAL   % OF NORMAL     LAST SEASON

    33.99         35.61        95            59.23


$$
